{"id":1179,"date":"2024-10-29T15:39:46","date_gmt":"2024-10-29T15:39:46","guid":{"rendered":"https:\/\/oksa.co\/?page_id=1179"},"modified":"2024-10-29T15:43:44","modified_gmt":"2024-10-29T15:43:44","slug":"biomasse-cbd","status":"publish","type":"page","link":"https:\/\/oksa.co\/?page_id=1179","title":{"rendered":"Biomasse CBD"},"content":{"rendered":"\t\t<div data-elementor-type=\"wp-page\" data-elementor-id=\"1179\" class=\"elementor elementor-1179\" data-elementor-post-type=\"page\">\n\t\t\t\t<div class=\"elementor-element elementor-element-59adc31 e-flex e-con-boxed e-con e-parent\" data-id=\"59adc31\" data-element_type=\"container\">\n\t\t\t\t\t<div class=\"e-con-inner\">\n\t\t\t\t\t<\/div>\n\t\t\t\t<\/div>\n\t\t<div class=\"elementor-element elementor-element-16becdab e-con-full e-flex e-con e-parent\" data-id=\"16becdab\" data-element_type=\"container\">\n\t\t\t\t<div class=\"elementor-element elementor-element-1b70b77b elementor-widget elementor-widget-template\" data-id=\"1b70b77b\" data-element_type=\"widget\" data-widget_type=\"template.default\">\n\t\t\t\t<div class=\"elementor-widget-container\">\n\t\t\t\t\t<div class=\"elementor-template\">\n\t\t\t\t\t<div data-elementor-type=\"page\" data-elementor-id=\"692\" class=\"elementor elementor-692\" data-elementor-post-type=\"elementor_library\">\n\t\t\t\t<div class=\"elementor-element elementor-element-2e020e63 e-con-full e-flex e-con e-parent\" data-id=\"2e020e63\" data-element_type=\"container\" data-settings=\"{&quot;shape_divider_bottom&quot;:&quot;curve&quot;,&quot;shape_divider_bottom_negative&quot;:&quot;yes&quot;}\">\n\t\t\t\t<div class=\"elementor-shape elementor-shape-bottom\" data-negative=\"true\">\n\t\t\t<svg xmlns=\"http:\/\/www.w3.org\/2000\/svg\" viewBox=\"0 0 1000 100\" preserveAspectRatio=\"none\">\n\t<path class=\"elementor-shape-fill\" d=\"M500,97C126.7,96.3,0.8,19.8,0,0v100l1000,0V1C1000,19.4,873.3,97.8,500,97z\"\/>\n<\/svg>\t\t<\/div>\n\t\t<div class=\"elementor-element elementor-element-699b2a4f e-con-full e-flex e-con e-child\" data-id=\"699b2a4f\" data-element_type=\"container\" data-settings=\"{&quot;background_background&quot;:&quot;classic&quot;}\">\n\t\t\t\t<\/div>\n\t\t<div class=\"elementor-element elementor-element-6369e56f e-con-full elementor-hidden-mobile e-flex e-con e-child\" data-id=\"6369e56f\" data-element_type=\"container\" data-settings=\"{&quot;background_background&quot;:&quot;classic&quot;}\">\n\t\t\t\t<\/div>\n\t\t<div class=\"elementor-element elementor-element-1aaaa2c0 e-con-full elementor-hidden-mobile e-flex e-con e-child\" data-id=\"1aaaa2c0\" data-element_type=\"container\" data-settings=\"{&quot;background_background&quot;:&quot;classic&quot;}\">\n\t\t\t\t<\/div>\n\t\t\t\t<\/div>\n\t\t<div class=\"elementor-element elementor-element-61aa4d3e e-flex e-con-boxed e-con e-parent\" data-id=\"61aa4d3e\" data-element_type=\"container\">\n\t\t\t\t\t<div class=\"e-con-inner\">\n\t\t\t\t<div class=\"elementor-element elementor-element-5c521f4d elementor-widget elementor-widget-breadcrumbs\" data-id=\"5c521f4d\" data-element_type=\"widget\" data-widget_type=\"breadcrumbs.default\">\n\t\t\t\t<div class=\"elementor-widget-container\">\n\t\t\t<span id=\"breadcrumbs\"><span><span><a href=\"https:\/\/oksa.co\/\">Accueil<\/a><\/span><\/span><\/span>\t\t<\/div>\n\t\t\t\t<\/div>\n\t\t\t\t\t<\/div>\n\t\t\t\t<\/div>\n\t\t<div class=\"elementor-element elementor-element-58dd83a8 e-flex e-con-boxed e-con e-parent\" data-id=\"58dd83a8\" data-element_type=\"container\">\n\t\t\t\t\t<div class=\"e-con-inner\">\n\t\t\t\t<div class=\"elementor-element elementor-element-617d21c5 custom-h2 elementor-widget elementor-widget-heading\" data-id=\"617d21c5\" data-element_type=\"widget\" data-widget_type=\"heading.default\">\n\t\t\t\t<div class=\"elementor-widget-container\">\n\t\t\t<h1 class=\"elementor-heading-title elementor-size-default\">Biomasse CBD<\/h1>\t\t<\/div>\n\t\t\t\t<\/div>\n\t\t\t\t\t<\/div>\n\t\t\t\t<\/div>\n\t\t\t\t<\/div>\n\t\t\t\t<\/div>\n\t\t\t\t<\/div>\n\t\t\t\t<\/div>\n\t\t\t\t<\/div>\n\t\t<div class=\"elementor-element elementor-element-1abc2c75 e-flex e-con-boxed e-con e-parent\" data-id=\"1abc2c75\" data-element_type=\"container\">\n\t\t\t\t\t<div class=\"e-con-inner\">\n\t\t\t\t<div class=\"elementor-element elementor-element-ac53024 custom-h2 elementor-widget elementor-widget-heading\" data-id=\"ac53024\" data-element_type=\"widget\" data-widget_type=\"heading.default\">\n\t\t\t\t<div class=\"elementor-widget-container\">\n\t\t\t<h2 class=\"elementor-heading-title elementor-size-default\">Le CBD marocain au c\u0153ur de votre bien-\u00eatre<\/h2>\t\t<\/div>\n\t\t\t\t<\/div>\n\t\t\t\t\t<\/div>\n\t\t\t\t<\/div>\n\t\t<div class=\"elementor-element elementor-element-2ba3390e e-flex e-con-boxed e-con e-parent\" data-id=\"2ba3390e\" data-element_type=\"container\">\n\t\t\t\t\t<div class=\"e-con-inner\">\n\t\t\t\t<div class=\"elementor-element elementor-element-5ad0676d green elementor-widget elementor-widget-text-editor\" data-id=\"5ad0676d\" data-element_type=\"widget\" data-widget_type=\"text-editor.default\">\n\t\t\t\t<div class=\"elementor-widget-container\">\n\t\t\t\t\t\t\t<h3><strong>A propos de Kyff CBD<\/strong><\/h3><h3><strong style=\"color: var( --e-global-color-text ); font-family: var( --e-global-typography-text-font-family ), Sans-serif; text-align: var(--text-align); font-size: 16px;\">Kyff, pionnier du CBD th\u00e9rapeutique au Maroc, s\u2019engage \u00e0 offrir des produits de haute qualit\u00e9, cultiv\u00e9s avec soin dans nos champs de Bani Hamed, pr\u00e8s de Chefchaouen. Avec une autorisation officielle de l\u2019Agence Nationale de R\u00e9glementation des Activit\u00e9s relatives au Cannabis, nous produisons, transformons et commercialisons un CBD enrichi en mol\u00e9cules terp\u00e9niques olfactives et en flavono\u00efdes, offrant une richesse de go\u00fbt et un ar\u00f4me captivant pour une exp\u00e9rience sensorielle compl\u00e8te. Nous produisons notre CBD en harmonie avec la nature et les traditions locales. D\u00e9couvrez notre histoire, notre processus unique et notre vision pour un avenir durable.OKSA GreenTech<\/strong><span style=\"color: var( --e-global-color-text ); font-family: var( --e-global-typography-text-font-family ), Sans-serif; font-weight: var( --e-global-typography-text-font-weight ); text-align: var(--text-align); font-size: 16px;\"> est la division sp\u00e9cialis\u00e9e du Groupe OKSA, d\u00e9di\u00e9e \u00e0 l&rsquo;innovation durable et \u00e0 la transformation de la biomasse en mol\u00e9cules d&rsquo;int\u00e9r\u00eat. En tant qu&rsquo;acteur majeur de la transition \u00e9cologique au Maroc, OKSA GreenTech d\u00e9veloppe des technologies \u00e9co-responsables visant \u00e0 r\u00e9pondre aux d\u00e9fis environnementaux actuels. Ses projets incluent des solutions avanc\u00e9es de production d&rsquo;eau athmosph\u00e9rique, la valorisation des micro-algues, ainsi que la transformation et la commercialisation de cannabino\u00efdes \u00e0 usage th\u00e9rapeutique. Engag\u00e9e dans la recherche de solutions vertes, OKSA GreenTech contribue activement \u00e0 b\u00e2tir un avenir plus durable tout en cr\u00e9ant de la valeur ajout\u00e9e pour ses partenaires et la soci\u00e9t\u00e9.<\/span><\/h3>\t\t\t\t\t\t<\/div>\n\t\t\t\t<\/div>\n\t\t\t\t\t<\/div>\n\t\t\t\t<\/div>\n\t\t<div class=\"elementor-element elementor-element-0002264 e-flex e-con-boxed e-con e-parent\" data-id=\"0002264\" data-element_type=\"container\">\n\t\t\t\t\t<div class=\"e-con-inner\">\n\t\t\t\t<div class=\"elementor-element elementor-element-a3de145 elementor-align-center elementor-widget elementor-widget-button\" data-id=\"a3de145\" data-element_type=\"widget\" data-widget_type=\"button.default\">\n\t\t\t\t<div class=\"elementor-widget-container\">\n\t\t\t\t\t<div class=\"elementor-button-wrapper\">\n\t\t\t<a class=\"elementor-button elementor-button-link elementor-size-sm\" href=\"https:\/\/kyff.net\/\">\n\t\t\t\t\t\t<span class=\"elementor-button-content-wrapper\">\n\t\t\t\t\t\t\t\t\t<span class=\"elementor-button-text\">Visitez notre site Kyff.net<\/span>\n\t\t\t\t\t<\/span>\n\t\t\t\t\t<\/a>\n\t\t<\/div>\n\t\t\t\t<\/div>\n\t\t\t\t<\/div>\n\t\t\t\t\t<\/div>\n\t\t\t\t<\/div>\n\t\t<div class=\"elementor-element elementor-element-4990fa8 e-con-full e-flex e-con e-parent\" data-id=\"4990fa8\" data-element_type=\"container\">\n\t\t\t\t<div class=\"elementor-element elementor-element-32832bf elementor-widget elementor-widget-image\" data-id=\"32832bf\" data-element_type=\"widget\" data-widget_type=\"image.default\">\n\t\t\t\t<div class=\"elementor-widget-container\">\n\t\t\t\t\t\t\t\t\t\t\t\t\t<img fetchpriority=\"high\" decoding=\"async\" width=\"1851\" height=\"286\" src=\"https:\/\/oksa.co\/wp-content\/uploads\/2024\/10\/Capture3.png\" class=\"attachment-2048x2048 size-2048x2048 wp-image-1183\" alt=\"\" srcset=\"https:\/\/oksa.co\/wp-content\/uploads\/2024\/10\/Capture3.png 1851w, https:\/\/oksa.co\/wp-content\/uploads\/2024\/10\/Capture3-300x46.png 300w, https:\/\/oksa.co\/wp-content\/uploads\/2024\/10\/Capture3-1024x158.png 1024w, https:\/\/oksa.co\/wp-content\/uploads\/2024\/10\/Capture3-768x119.png 768w, https:\/\/oksa.co\/wp-content\/uploads\/2024\/10\/Capture3-1536x237.png 1536w\" sizes=\"(max-width: 1851px) 100vw, 1851px\" \/>\t\t\t\t\t\t\t\t\t\t\t\t\t<\/div>\n\t\t\t\t<\/div>\n\t\t\t\t<\/div>\n\t\t<div class=\"elementor-element elementor-element-751b4bc8 e-flex e-con-boxed e-con e-parent\" data-id=\"751b4bc8\" data-element_type=\"container\">\n\t\t\t\t\t<div class=\"e-con-inner\">\n\t\t\t\t<div class=\"elementor-element elementor-element-14032f13 green elementor-widget elementor-widget-text-editor\" data-id=\"14032f13\" data-element_type=\"widget\" data-widget_type=\"text-editor.default\">\n\t\t\t\t<div class=\"elementor-widget-container\">\n\t\t\t\t\t\t\t<h3><strong>Explorez notre gamme de produits CBD Kyff<\/strong><\/h3><ul><li><p>Nos produits sont sp\u00e9cialement con\u00e7us pour \u00eatre pauvres en THC, mais riches en cannabino\u00efdes, procurant de nombreux bienfaits sans les effets psychotropes associ\u00e9s\u00a0au cannabis r\u00e9cr\u00e9atif. Parfaits pour un usage quotidien, ils constituent une excellente alternative pour les consommateurs \u00e0 la recherche d\u2019un produit de substitution au cannabis r\u00e9cr\u00e9atif, offrant d\u00e9tente et bien-\u00eatre en toute l\u00e9galit\u00e9.<\/p><p>Nous nous engageons \u00e0 s\u00e9lectionner les produits de la plus haute qualit\u00e9, test\u00e9s en laboratoire et valid\u00e9s, tout en offrant un support client exceptionnel et une \u00e9ducation gr\u00e2ce \u00e0 des interactions individuelles et au sein de notre communaut\u00e9.<\/p><\/li><\/ul><div>\u00a0<\/div><div>\u00a0<\/div><div class=\"elementor-element elementor-element-773ae3f e-con-full e-flex e-con e-child\" data-id=\"773ae3f\" data-element_type=\"container\"><div class=\"elementor-element elementor-element-9f5c353 elementor-widget elementor-widget-heading\" data-id=\"9f5c353\" data-element_type=\"widget\" data-widget_type=\"heading.default\"><div class=\"elementor-widget-container\"><h2 class=\"elementor-heading-title elementor-size-default\">Le Cannabis Marocain : Un h\u00e9ritage de qualit\u00e9 et tradition<\/h2><p>\u00a0<\/p><\/div><\/div><\/div><ul><li><p>Le cannabis marocain, en particulier celui cultiv\u00e9 dans la r\u00e9gion du Rif, jouit d\u2019une r\u00e9putation mondiale pour sa qualit\u00e9 exceptionnelle, r\u00e9sultant d\u2019un terroir unique et d\u2019un savoir-faire ancestral. La culture du cannabis dans le Rif remonte \u00e0 plusieurs si\u00e8cles, profond\u00e9ment enracin\u00e9e dans les traditions locales. Cette r\u00e9gion montagneuse, avec son climat m\u00e9diterran\u00e9en id\u00e9al, ses sols riches et saisons bien d\u00e9finies, offre des conditions parfaites pour la culture du cannabis.<\/p><p>\u00a0Les agriculteurs du Rif, h\u00e9ritiers de g\u00e9n\u00e9rations de connaissances, utilisent des m\u00e9thodes de culture traditionnelles qui favorisent la production de plantes de cannabis robustes, riches en cannabino\u00efdes et en terp\u00e8nes, responsables des ar\u00f4mes et effets th\u00e9rapeutiques. Ce savoir-faire transmis de g\u00e9n\u00e9ration en g\u00e9n\u00e9ration, combin\u00e9 \u00e0 la qualit\u00e9 naturelle du terroir, fait du cannabis marocain une r\u00e9f\u00e9rence en termes de puret\u00e9 et d\u2019efficacit\u00e9, le distinguant comme l\u2019un des meilleurs au monde.<\/p><\/li><\/ul>\t\t\t\t\t\t<\/div>\n\t\t\t\t<\/div>\n\t\t\t\t\t<\/div>\n\t\t\t\t<\/div>\n\t\t<div class=\"elementor-element elementor-element-b7605f4 e-flex e-con-boxed e-con e-parent\" data-id=\"b7605f4\" data-element_type=\"container\">\n\t\t\t\t\t<div class=\"e-con-inner\">\n\t\t\t\t<div class=\"elementor-element elementor-element-0caa2e6 elementor-align-center elementor-widget elementor-widget-button\" data-id=\"0caa2e6\" data-element_type=\"widget\" data-widget_type=\"button.default\">\n\t\t\t\t<div class=\"elementor-widget-container\">\n\t\t\t\t\t<div class=\"elementor-button-wrapper\">\n\t\t\t<a class=\"elementor-button elementor-button-link elementor-size-sm\" href=\"https:\/\/kyff.net\/\">\n\t\t\t\t\t\t<span class=\"elementor-button-content-wrapper\">\n\t\t\t\t\t\t\t\t\t<span class=\"elementor-button-text\">Visitez notre site Kyff.net<\/span>\n\t\t\t\t\t<\/span>\n\t\t\t\t\t<\/a>\n\t\t<\/div>\n\t\t\t\t<\/div>\n\t\t\t\t<\/div>\n\t\t\t\t\t<\/div>\n\t\t\t\t<\/div>\n\t\t\t\t<\/div>\n\t\t","protected":false},"excerpt":{"rendered":"<p>Le CBD marocain au c\u0153ur de votre bien-\u00eatre A propos de Kyff CBD Kyff, pionnier du CBD th\u00e9rapeutique au Maroc, s\u2019engage \u00e0 offrir des produits de haute qualit\u00e9, cultiv\u00e9s avec soin dans nos champs de Bani Hamed, pr\u00e8s de Chefchaouen. Avec une autorisation officielle de l\u2019Agence Nationale de R\u00e9glementation des Activit\u00e9s relatives au Cannabis, nous [&hellip;]<\/p>\n","protected":false},"author":3,"featured_media":0,"parent":409,"menu_order":0,"comment_status":"closed","ping_status":"closed","template":"elementor_header_footer","meta":{"footnotes":""},"class_list":["post-1179","page","type-page","status-publish","hentry"],"yoast_head":"<!-- This site is optimized with the Yoast SEO plugin v23.6 - https:\/\/yoast.com\/wordpress\/plugins\/seo\/ -->\n<title>Biomasse CBD - Oksa<\/title>\n<meta name=\"robots\" content=\"index, follow, max-snippet:-1, max-image-preview:large, max-video-preview:-1\" \/>\n<link rel=\"canonical\" href=\"https:\/\/oksa.co\/?page_id=1179\" \/>\n<meta property=\"og:locale\" content=\"fr_FR\" \/>\n<meta property=\"og:type\" content=\"article\" \/>\n<meta property=\"og:title\" content=\"Biomasse CBD - Oksa\" \/>\n<meta property=\"og:description\" content=\"Le CBD marocain au c\u0153ur de votre bien-\u00eatre A propos de Kyff CBD Kyff, pionnier du CBD th\u00e9rapeutique au Maroc, s\u2019engage \u00e0 offrir des produits de haute qualit\u00e9, cultiv\u00e9s avec soin dans nos champs de Bani Hamed, pr\u00e8s de Chefchaouen. Avec une autorisation officielle de l\u2019Agence Nationale de R\u00e9glementation des Activit\u00e9s relatives au Cannabis, nous [&hellip;]\" \/>\n<meta property=\"og:url\" content=\"https:\/\/oksa.co\/?page_id=1179\" \/>\n<meta property=\"og:site_name\" content=\"Oksa\" \/>\n<meta property=\"article:modified_time\" content=\"2024-10-29T15:43:44+00:00\" \/>\n<meta property=\"og:image\" content=\"https:\/\/oksa.co\/wp-content\/uploads\/2024\/10\/Capture3.png\" \/>\n<meta name=\"twitter:card\" content=\"summary_large_image\" \/>\n<meta name=\"twitter:label1\" content=\"Dur\u00e9e de lecture estim\u00e9e\" \/>\n\t<meta name=\"twitter:data1\" content=\"3 minutes\" \/>\n<script type=\"application\/ld+json\" class=\"yoast-schema-graph\">{\"@context\":\"https:\/\/schema.org\",\"@graph\":[{\"@type\":\"WebPage\",\"@id\":\"https:\/\/oksa.co\/?page_id=1179\",\"url\":\"https:\/\/oksa.co\/?page_id=1179\",\"name\":\"Biomasse CBD - Oksa\",\"isPartOf\":{\"@id\":\"https:\/\/oksa.co\/#website\"},\"primaryImageOfPage\":{\"@id\":\"https:\/\/oksa.co\/?page_id=1179#primaryimage\"},\"image\":{\"@id\":\"https:\/\/oksa.co\/?page_id=1179#primaryimage\"},\"thumbnailUrl\":\"https:\/\/oksa.co\/wp-content\/uploads\/2024\/10\/Capture3.png\",\"datePublished\":\"2024-10-29T15:39:46+00:00\",\"dateModified\":\"2024-10-29T15:43:44+00:00\",\"breadcrumb\":{\"@id\":\"https:\/\/oksa.co\/?page_id=1179#breadcrumb\"},\"inLanguage\":\"fr-FR\",\"potentialAction\":[{\"@type\":\"ReadAction\",\"target\":[\"https:\/\/oksa.co\/?page_id=1179\"]}]},{\"@type\":\"ImageObject\",\"inLanguage\":\"fr-FR\",\"@id\":\"https:\/\/oksa.co\/?page_id=1179#primaryimage\",\"url\":\"https:\/\/oksa.co\/wp-content\/uploads\/2024\/10\/Capture3.png\",\"contentUrl\":\"https:\/\/oksa.co\/wp-content\/uploads\/2024\/10\/Capture3.png\",\"width\":1851,\"height\":286},{\"@type\":\"BreadcrumbList\",\"@id\":\"https:\/\/oksa.co\/?page_id=1179#breadcrumb\",\"itemListElement\":[{\"@type\":\"ListItem\",\"position\":1,\"name\":\"Accueil\",\"item\":\"https:\/\/oksa.co\/\"},{\"@type\":\"ListItem\",\"position\":2,\"name\":\"Green Tech\",\"item\":\"https:\/\/oksa.co\/?page_id=409\"},{\"@type\":\"ListItem\",\"position\":3,\"name\":\"Biomasse CBD\"}]},{\"@type\":\"WebSite\",\"@id\":\"https:\/\/oksa.co\/#website\",\"url\":\"https:\/\/oksa.co\/\",\"name\":\"Oksa Group\",\"description\":\"\",\"publisher\":{\"@id\":\"https:\/\/oksa.co\/#organization\"},\"potentialAction\":[{\"@type\":\"SearchAction\",\"target\":{\"@type\":\"EntryPoint\",\"urlTemplate\":\"https:\/\/oksa.co\/?s={search_term_string}\"},\"query-input\":{\"@type\":\"PropertyValueSpecification\",\"valueRequired\":true,\"valueName\":\"search_term_string\"}}],\"inLanguage\":\"fr-FR\"},{\"@type\":\"Organization\",\"@id\":\"https:\/\/oksa.co\/#organization\",\"name\":\"Oksa Group\",\"url\":\"https:\/\/oksa.co\/\",\"logo\":{\"@type\":\"ImageObject\",\"inLanguage\":\"fr-FR\",\"@id\":\"https:\/\/oksa.co\/#\/schema\/logo\/image\/\",\"url\":\"https:\/\/oksa.co\/wp-content\/uploads\/2024\/07\/logo-marron.webp\",\"contentUrl\":\"https:\/\/oksa.co\/wp-content\/uploads\/2024\/07\/logo-marron.webp\",\"width\":400,\"height\":155,\"caption\":\"Oksa Group\"},\"image\":{\"@id\":\"https:\/\/oksa.co\/#\/schema\/logo\/image\/\"}}]}<\/script>\n<!-- \/ Yoast SEO plugin. -->","yoast_head_json":{"title":"Biomasse CBD - Oksa","robots":{"index":"index","follow":"follow","max-snippet":"max-snippet:-1","max-image-preview":"max-image-preview:large","max-video-preview":"max-video-preview:-1"},"canonical":"https:\/\/oksa.co\/?page_id=1179","og_locale":"fr_FR","og_type":"article","og_title":"Biomasse CBD - Oksa","og_description":"Le CBD marocain au c\u0153ur de votre bien-\u00eatre A propos de Kyff CBD Kyff, pionnier du CBD th\u00e9rapeutique au Maroc, s\u2019engage \u00e0 offrir des produits de haute qualit\u00e9, cultiv\u00e9s avec soin dans nos champs de Bani Hamed, pr\u00e8s de Chefchaouen. Avec une autorisation officielle de l\u2019Agence Nationale de R\u00e9glementation des Activit\u00e9s relatives au Cannabis, nous [&hellip;]","og_url":"https:\/\/oksa.co\/?page_id=1179","og_site_name":"Oksa","article_modified_time":"2024-10-29T15:43:44+00:00","og_image":[{"url":"https:\/\/oksa.co\/wp-content\/uploads\/2024\/10\/Capture3.png"}],"twitter_card":"summary_large_image","twitter_misc":{"Dur\u00e9e de lecture estim\u00e9e":"3 minutes"},"schema":{"@context":"https:\/\/schema.org","@graph":[{"@type":"WebPage","@id":"https:\/\/oksa.co\/?page_id=1179","url":"https:\/\/oksa.co\/?page_id=1179","name":"Biomasse CBD - Oksa","isPartOf":{"@id":"https:\/\/oksa.co\/#website"},"primaryImageOfPage":{"@id":"https:\/\/oksa.co\/?page_id=1179#primaryimage"},"image":{"@id":"https:\/\/oksa.co\/?page_id=1179#primaryimage"},"thumbnailUrl":"https:\/\/oksa.co\/wp-content\/uploads\/2024\/10\/Capture3.png","datePublished":"2024-10-29T15:39:46+00:00","dateModified":"2024-10-29T15:43:44+00:00","breadcrumb":{"@id":"https:\/\/oksa.co\/?page_id=1179#breadcrumb"},"inLanguage":"fr-FR","potentialAction":[{"@type":"ReadAction","target":["https:\/\/oksa.co\/?page_id=1179"]}]},{"@type":"ImageObject","inLanguage":"fr-FR","@id":"https:\/\/oksa.co\/?page_id=1179#primaryimage","url":"https:\/\/oksa.co\/wp-content\/uploads\/2024\/10\/Capture3.png","contentUrl":"https:\/\/oksa.co\/wp-content\/uploads\/2024\/10\/Capture3.png","width":1851,"height":286},{"@type":"BreadcrumbList","@id":"https:\/\/oksa.co\/?page_id=1179#breadcrumb","itemListElement":[{"@type":"ListItem","position":1,"name":"Accueil","item":"https:\/\/oksa.co\/"},{"@type":"ListItem","position":2,"name":"Green Tech","item":"https:\/\/oksa.co\/?page_id=409"},{"@type":"ListItem","position":3,"name":"Biomasse CBD"}]},{"@type":"WebSite","@id":"https:\/\/oksa.co\/#website","url":"https:\/\/oksa.co\/","name":"Oksa Group","description":"","publisher":{"@id":"https:\/\/oksa.co\/#organization"},"potentialAction":[{"@type":"SearchAction","target":{"@type":"EntryPoint","urlTemplate":"https:\/\/oksa.co\/?s={search_term_string}"},"query-input":{"@type":"PropertyValueSpecification","valueRequired":true,"valueName":"search_term_string"}}],"inLanguage":"fr-FR"},{"@type":"Organization","@id":"https:\/\/oksa.co\/#organization","name":"Oksa Group","url":"https:\/\/oksa.co\/","logo":{"@type":"ImageObject","inLanguage":"fr-FR","@id":"https:\/\/oksa.co\/#\/schema\/logo\/image\/","url":"https:\/\/oksa.co\/wp-content\/uploads\/2024\/07\/logo-marron.webp","contentUrl":"https:\/\/oksa.co\/wp-content\/uploads\/2024\/07\/logo-marron.webp","width":400,"height":155,"caption":"Oksa Group"},"image":{"@id":"https:\/\/oksa.co\/#\/schema\/logo\/image\/"}}]}},"_links":{"self":[{"href":"https:\/\/oksa.co\/index.php?rest_route=\/wp\/v2\/pages\/1179","targetHints":{"allow":["GET"]}}],"collection":[{"href":"https:\/\/oksa.co\/index.php?rest_route=\/wp\/v2\/pages"}],"about":[{"href":"https:\/\/oksa.co\/index.php?rest_route=\/wp\/v2\/types\/page"}],"author":[{"embeddable":true,"href":"https:\/\/oksa.co\/index.php?rest_route=\/wp\/v2\/users\/3"}],"replies":[{"embeddable":true,"href":"https:\/\/oksa.co\/index.php?rest_route=%2Fwp%2Fv2%2Fcomments&post=1179"}],"version-history":[{"count":5,"href":"https:\/\/oksa.co\/index.php?rest_route=\/wp\/v2\/pages\/1179\/revisions"}],"predecessor-version":[{"id":1186,"href":"https:\/\/oksa.co\/index.php?rest_route=\/wp\/v2\/pages\/1179\/revisions\/1186"}],"up":[{"embeddable":true,"href":"https:\/\/oksa.co\/index.php?rest_route=\/wp\/v2\/pages\/409"}],"wp:attachment":[{"href":"https:\/\/oksa.co\/index.php?rest_route=%2Fwp%2Fv2%2Fmedia&parent=1179"}],"curies":[{"name":"wp","href":"https:\/\/api.w.org\/{rel}","templated":true}]}}