{"id":412,"date":"2024-08-19T14:07:42","date_gmt":"2024-08-19T14:07:42","guid":{"rendered":"https:\/\/oksa.cogitoweb.net\/?page_id=412"},"modified":"2024-10-16T17:28:26","modified_gmt":"2024-10-16T17:28:26","slug":"eclairage-public","status":"publish","type":"page","link":"https:\/\/oksa.co\/?page_id=412","title":{"rendered":"\u00c9clairage public"},"content":{"rendered":"\t\t<div data-elementor-type=\"wp-page\" data-elementor-id=\"412\" class=\"elementor elementor-412\" data-elementor-post-type=\"page\">\n\t\t\t\t<div class=\"elementor-element elementor-element-0f67c24 e-con-full e-flex e-con e-parent\" data-id=\"0f67c24\" data-element_type=\"container\">\n\t\t\t\t<div class=\"elementor-element elementor-element-f1be34f elementor-widget elementor-widget-template\" data-id=\"f1be34f\" data-element_type=\"widget\" data-widget_type=\"template.default\">\n\t\t\t\t<div class=\"elementor-widget-container\">\n\t\t\t\t\t<div class=\"elementor-template\">\n\t\t\t\t\t<div data-elementor-type=\"page\" data-elementor-id=\"533\" class=\"elementor elementor-533\" data-elementor-post-type=\"elementor_library\">\n\t\t\t\t<div class=\"elementor-element elementor-element-5113573f e-flex e-con-boxed e-con e-parent\" data-id=\"5113573f\" data-element_type=\"container\" data-settings=\"{&quot;background_background&quot;:&quot;classic&quot;,&quot;shape_divider_bottom&quot;:&quot;curve&quot;,&quot;shape_divider_bottom_negative&quot;:&quot;yes&quot;}\">\n\t\t\t\t\t<div class=\"e-con-inner\">\n\t\t\t\t<div class=\"elementor-shape elementor-shape-bottom\" data-negative=\"true\">\n\t\t\t<svg xmlns=\"http:\/\/www.w3.org\/2000\/svg\" viewBox=\"0 0 1000 100\" preserveAspectRatio=\"none\">\n\t<path class=\"elementor-shape-fill\" d=\"M500,97C126.7,96.3,0.8,19.8,0,0v100l1000,0V1C1000,19.4,873.3,97.8,500,97z\"\/>\n<\/svg>\t\t<\/div>\n\t\t\t\t\t<\/div>\n\t\t\t\t<\/div>\n\t\t<div class=\"elementor-element elementor-element-20b81b80 e-flex e-con-boxed e-con e-parent\" data-id=\"20b81b80\" data-element_type=\"container\">\n\t\t\t\t\t<div class=\"e-con-inner\">\n\t\t\t\t<div class=\"elementor-element elementor-element-622aa014 elementor-widget elementor-widget-breadcrumbs\" data-id=\"622aa014\" data-element_type=\"widget\" data-widget_type=\"breadcrumbs.default\">\n\t\t\t\t<div class=\"elementor-widget-container\">\n\t\t\t<span id=\"breadcrumbs\"><span><span><a href=\"https:\/\/oksa.co\/\">Accueil<\/a><\/span><\/span><\/span>\t\t<\/div>\n\t\t\t\t<\/div>\n\t\t\t\t\t<\/div>\n\t\t\t\t<\/div>\n\t\t<div class=\"elementor-element elementor-element-53ffc72b e-flex e-con-boxed e-con e-parent\" data-id=\"53ffc72b\" data-element_type=\"container\">\n\t\t\t\t\t<div class=\"e-con-inner\">\n\t\t\t\t<div class=\"elementor-element elementor-element-31e561aa custom-h2 elementor-widget elementor-widget-heading\" data-id=\"31e561aa\" data-element_type=\"widget\" data-widget_type=\"heading.default\">\n\t\t\t\t<div class=\"elementor-widget-container\">\n\t\t\t<h1 class=\"elementor-heading-title elementor-size-default\">\u00c9clairage public<\/h1>\t\t<\/div>\n\t\t\t\t<\/div>\n\t\t\t\t\t<\/div>\n\t\t\t\t<\/div>\n\t\t\t\t<\/div>\n\t\t\t\t<\/div>\n\t\t\t\t<\/div>\n\t\t\t\t<\/div>\n\t\t\t\t<\/div>\n\t\t<div class=\"elementor-element elementor-element-6840c40 e-flex e-con-boxed e-con e-parent\" data-id=\"6840c40\" data-element_type=\"container\">\n\t\t\t\t\t<div class=\"e-con-inner\">\n\t\t\t\t<div class=\"elementor-element elementor-element-6b59bfc custom-h2 elementor-widget elementor-widget-heading\" data-id=\"6b59bfc\" data-element_type=\"widget\" data-widget_type=\"heading.default\">\n\t\t\t\t<div class=\"elementor-widget-container\">\n\t\t\t<h2 class=\"elementor-heading-title elementor-size-default\">Le meilleur alli\u00e9 de vos \u00e9quipements<\/h2>\t\t<\/div>\n\t\t\t\t<\/div>\n\t\t\t\t\t<\/div>\n\t\t\t\t<\/div>\n\t\t<div class=\"elementor-element elementor-element-91a8deb e-flex e-con-boxed e-con e-parent\" data-id=\"91a8deb\" data-element_type=\"container\">\n\t\t\t\t\t<div class=\"e-con-inner\">\n\t\t\t\t<div class=\"elementor-element elementor-element-9a777cc green elementor-widget elementor-widget-text-editor\" data-id=\"9a777cc\" data-element_type=\"widget\" data-widget_type=\"text-editor.default\">\n\t\t\t\t<div class=\"elementor-widget-container\">\n\t\t\t\t\t\t\t<h3>S&rsquo;\u00e9clairer juste<\/h3><p>Pour accompagner les collectivit\u00e9s face \u00e0 leur double enjeu d\u2019optimisation des finances publiques et de pr\u00e9servation de l\u2019environnement, OKSA propose des solutions d\u2019\u00e9clairage globales de plus en plus performantes \u00e9nerg\u00e9tiquement, avec des engagements de r\u00e9duction de consommation sur la dur\u00e9e (jusqu\u2019\u00e0 40%).<\/p><p>OKSA travaille avec ses clients dans le cadre de diff\u00e9rents types de partenariat public priv\u00e9, allant du Contrat de Management \u00e0 la Concession.<\/p><p>OKSA intervient sur l\u2019ensemble de la chaine de valeur de l\u2019\u00e9clairage public:<\/p><ul><li>La mise en lumi\u00e8re des villes,<\/li><li>Diagnostic exhaustif du patrimoine \u00e9clairage public,<\/li><li>La d\u00e9finition des programmes d\u2019investissement pour remise \u00e0 niveau du parc d\u2019\u00e9clairage public,<\/li><li>La maintenance de l\u2019ensemble des installations du parc d\u2019\u00e9clairage public au moyen de syst\u00e8me d\u2019information adapt\u00e9,<\/li><li>Une ing\u00e9nierie Financi\u00e8re et Juridique \u00e9prouv\u00e9e dans le cadre des contrats de Partenariat Public Priv\u00e9 (PPP).<\/li><\/ul><h3>Construction du plan d\u2019efficacit\u00e9 \u00e9nerg\u00e9tique<\/h3><p><strong>OKSA S\u2019ENGAGE \u00c0 \u00c9CLAIRER JUSTE<\/strong><\/p><p>S\u2019appuyant sur une direction ing\u00e9nierie et d\u00e9veloppement int\u00e9gr\u00e9e, OKSA propose des solutions innovantes pour l\u2019\u00e9clairage public.<\/p><p>Pour chaque projet, OKSA compose un mix de solutions et de technologies sur mesure visant \u00e0 am\u00e9liorer le plus significativement possible la performance \u00e9nerg\u00e9tique du r\u00e9seau d\u2019\u00e9clairage public tout en offrant un niveau de confort et de s\u00e9curit\u00e9 optimal aux usagers.<\/p><p><strong>PARTENARIATS PUBLIC \u2013 PRIV\u00c9 (PPP) ET GESTION GLOBALE<\/strong><\/p><ul><li>La maintenance contractualis\u00e9e permet d\u2019assurer une prestation de qualit\u00e9 sur la dur\u00e9e;<\/li><li>Le contrat sign\u00e9, la collectivit\u00e9 est engag\u00e9e sur un montant fixe de loyer dans la dur\u00e9e ;<\/li><li>Un engagement de r\u00e9sultat \u00e0 la fois sur le niveau d\u2019\u00e9conomie d\u2019\u00e9clairage et la disponibilit\u00e9 d\u2019\u00e9clairage<\/li><\/ul><p><strong>L\u2019\u00c9CLAIRAGE PUBLIC ET PLUS<\/strong><\/p><p>Op\u00e9rateur global, OKSA peut associer d\u2019autres services et solutions \u00e0 l\u2019\u00e9clairage public pour rendre les villes plus s\u00fbres, mieux connect\u00e9es, plus attractives :<\/p><ul><li>Mise en lumi\u00e8re du patrimoine,<\/li><li>Signalisation Lumineuse Tricolore (SLT),<\/li><li>Vid\u00e9o surveillance.<\/li><\/ul>\t\t\t\t\t\t<\/div>\n\t\t\t\t<\/div>\n\t\t\t\t\t<\/div>\n\t\t\t\t<\/div>\n\t\t<div class=\"elementor-element elementor-element-419feaf e-flex e-con-boxed e-con e-parent\" data-id=\"419feaf\" data-element_type=\"container\">\n\t\t\t\t\t<div class=\"e-con-inner\">\n\t\t\t\t<div class=\"elementor-element elementor-element-2d9f91b green elementor-widget elementor-widget-heading\" data-id=\"2d9f91b\" data-element_type=\"widget\" data-widget_type=\"heading.default\">\n\t\t\t\t<div class=\"elementor-widget-container\">\n\t\t\t<h2 class=\"elementor-heading-title elementor-size-default\">Gestion d\u2019\u00e9clairage publics<\/h2>\t\t<\/div>\n\t\t\t\t<\/div>\n\t\t\t\t\t<\/div>\n\t\t\t\t<\/div>\n\t\t<div class=\"elementor-element elementor-element-5b7c63b e-flex e-con-boxed e-con e-parent\" data-id=\"5b7c63b\" data-element_type=\"container\">\n\t\t\t\t\t<div class=\"e-con-inner\">\n\t\t\t\t<div class=\"elementor-element elementor-element-530cfe5 green elementor-widget elementor-widget-text-editor\" data-id=\"530cfe5\" data-element_type=\"widget\" data-widget_type=\"text-editor.default\">\n\t\t\t\t<div class=\"elementor-widget-container\">\n\t\t\t\t\t\t\t<h3>Armoires de commande et de variation de puissance pour l\u2019\u00e9clairage public<\/h3><p>-35 % D\u2019\u00c9CONOMIES ANNUELLES !<\/p><p>OKSA propose une gamme compl\u00e8te de produits uniques et de solutions pour ma\u00eetriser tous les \u00e9clairages<br \/>ext\u00e9rieurs d\u2019une ville et en r\u00e9duire les co\u00fbts de fonctionnement.<\/p><ul><li>Nos organes de commande cr\u00e9pusculaire adapt\u00e9s \u00e0 l\u2019enjeu s\u00e9curitaire et \u00e9conomique de l\u2019\u00e9clairage public allument la ville \u201c au bon moment \u201d chaque jour de l\u2019ann\u00e9e.<\/li><li>Les armoires de variation prot\u00e8gent les luminaires et modulent leur puissance en fonction des rythmes de la Cit\u00e9.<\/li><li>Les ballasts \u00e9lectroniques graduables, les modules de variation et de t\u00e9l\u00e9gestion pilotent chaque type de source lumineuse, lampes \u00e0 d\u00e9charge et LEDS.<\/li><li>Une solution de t\u00e9l\u00e9gestion interactive apporte la ma\u00eetrise de l\u2019installation, depuis la consommation jusqu\u2019\u00e0 la maintenance du parc.<\/li><li>Une forte comp\u00e9tence d\u2019automatisme nous permet de construire des solutions originales et\u00a0adapt\u00e9es au pilotage dynamique des \u00e9clairages secondaires ou d\u00e9coratifs.<\/li><\/ul><h3>R\u00e9gulateur variateur de puissance mono et triphas\u00e9 avec automates de gestion<img fetchpriority=\"high\" decoding=\"async\" class=\"size-full wp-image-4049 alignright entered lazyloaded\" src=\"https:\/\/oksa.co\/wp-content\/uploads\/2022\/08\/gestion_armoire-173x300-1.png\" alt=\"\" width=\"173\" height=\"300\" data-lazy-src=\"https:\/\/oksa.co\/wp-content\/uploads\/2022\/08\/gestion_armoire-173x300-1.png\" data-ll-status=\"loaded\" \/><\/h3><ul><li>Agissez sur les luminaires et r\u00e9seaux existants<\/li><li>R\u00e9glez la puissance au juste n\u00e9cessaire<\/li><li>R\u00e9duisez l\u2019\u00e9clairage aux heures creuses<\/li><li>Ma\u00eetrisez et fiabilisez vos installations<\/li><li>Mesurez vos \u00e9conomies d\u2019\u00e9nergie<\/li><li>Solution \u00e9volutive vers la Gestion Technique Centralis\u00e9e<\/li><\/ul><blockquote><p>POSEZ ET \u00c9CONOMISEZ IMM\u00c9DIATEMENT!<br \/>SANS RENOUVELER LE MAT\u00c9RIEL D\u2019\u00c9CLAIRAGE!<br \/>PR\u00c9PAREZ L\u2019\u00c9VOLUTION VERS LA LED!<\/p><\/blockquote><p>OKSA int\u00e8gre des appareils de mesure et d\u2019enregistrement pour g\u00e9rer efficacement vos installations, optimiser la maintenance et ma\u00eetriser la consommation. L\u2019augmentation de la dur\u00e9e de vie des lampes et la diminution des pannes r\u00e9duisent fortement les co\u00fbts globaux de fonctionnement<\/p>\t\t\t\t\t\t<\/div>\n\t\t\t\t<\/div>\n\t\t\t\t\t<\/div>\n\t\t\t\t<\/div>\n\t\t\t\t<\/div>\n\t\t","protected":false},"excerpt":{"rendered":"<p>Le meilleur alli\u00e9 de vos \u00e9quipements S&rsquo;\u00e9clairer juste Pour accompagner les collectivit\u00e9s face \u00e0 leur double enjeu d\u2019optimisation des finances publiques et de pr\u00e9servation de l\u2019environnement, OKSA propose des solutions d\u2019\u00e9clairage globales de plus en plus performantes \u00e9nerg\u00e9tiquement, avec des engagements de r\u00e9duction de consommation sur la dur\u00e9e (jusqu\u2019\u00e0 40%). OKSA travaille avec ses clients [&hellip;]<\/p>\n","protected":false},"author":1,"featured_media":0,"parent":405,"menu_order":0,"comment_status":"closed","ping_status":"closed","template":"elementor_header_footer","meta":{"footnotes":""},"class_list":["post-412","page","type-page","status-publish","hentry"],"yoast_head":"<!-- This site is optimized with the Yoast SEO plugin v23.6 - https:\/\/yoast.com\/wordpress\/plugins\/seo\/ -->\n<title>\u00c9clairage public - Oksa<\/title>\n<meta name=\"robots\" content=\"index, follow, max-snippet:-1, max-image-preview:large, max-video-preview:-1\" \/>\n<link rel=\"canonical\" href=\"https:\/\/oksa.co\/?page_id=412\" \/>\n<meta property=\"og:locale\" content=\"fr_FR\" \/>\n<meta property=\"og:type\" content=\"article\" \/>\n<meta property=\"og:title\" content=\"\u00c9clairage public - Oksa\" \/>\n<meta property=\"og:description\" content=\"Le meilleur alli\u00e9 de vos \u00e9quipements S&rsquo;\u00e9clairer juste Pour accompagner les collectivit\u00e9s face \u00e0 leur double enjeu d\u2019optimisation des finances publiques et de pr\u00e9servation de l\u2019environnement, OKSA propose des solutions d\u2019\u00e9clairage globales de plus en plus performantes \u00e9nerg\u00e9tiquement, avec des engagements de r\u00e9duction de consommation sur la dur\u00e9e (jusqu\u2019\u00e0 40%). OKSA travaille avec ses clients [&hellip;]\" \/>\n<meta property=\"og:url\" content=\"https:\/\/oksa.co\/?page_id=412\" \/>\n<meta property=\"og:site_name\" content=\"Oksa\" \/>\n<meta property=\"article:modified_time\" content=\"2024-10-16T17:28:26+00:00\" \/>\n<meta property=\"og:image\" content=\"https:\/\/oksa.co\/wp-content\/uploads\/2022\/08\/gestion_armoire-173x300-1.png\" \/>\n<meta name=\"twitter:card\" content=\"summary_large_image\" \/>\n<meta name=\"twitter:label1\" content=\"Dur\u00e9e de lecture estim\u00e9e\" \/>\n\t<meta name=\"twitter:data1\" content=\"3 minutes\" \/>\n<script type=\"application\/ld+json\" class=\"yoast-schema-graph\">{\"@context\":\"https:\/\/schema.org\",\"@graph\":[{\"@type\":\"WebPage\",\"@id\":\"https:\/\/oksa.co\/?page_id=412\",\"url\":\"https:\/\/oksa.co\/?page_id=412\",\"name\":\"\u00c9clairage public - Oksa\",\"isPartOf\":{\"@id\":\"https:\/\/oksa.co\/#website\"},\"primaryImageOfPage\":{\"@id\":\"https:\/\/oksa.co\/?page_id=412#primaryimage\"},\"image\":{\"@id\":\"https:\/\/oksa.co\/?page_id=412#primaryimage\"},\"thumbnailUrl\":\"https:\/\/oksa.co\/wp-content\/uploads\/2022\/08\/gestion_armoire-173x300-1.png\",\"datePublished\":\"2024-08-19T14:07:42+00:00\",\"dateModified\":\"2024-10-16T17:28:26+00:00\",\"breadcrumb\":{\"@id\":\"https:\/\/oksa.co\/?page_id=412#breadcrumb\"},\"inLanguage\":\"fr-FR\",\"potentialAction\":[{\"@type\":\"ReadAction\",\"target\":[\"https:\/\/oksa.co\/?page_id=412\"]}]},{\"@type\":\"ImageObject\",\"inLanguage\":\"fr-FR\",\"@id\":\"https:\/\/oksa.co\/?page_id=412#primaryimage\",\"url\":\"https:\/\/oksa.co\/wp-content\/uploads\/2022\/08\/gestion_armoire-173x300-1.png\",\"contentUrl\":\"https:\/\/oksa.co\/wp-content\/uploads\/2022\/08\/gestion_armoire-173x300-1.png\"},{\"@type\":\"BreadcrumbList\",\"@id\":\"https:\/\/oksa.co\/?page_id=412#breadcrumb\",\"itemListElement\":[{\"@type\":\"ListItem\",\"position\":1,\"name\":\"Accueil\",\"item\":\"https:\/\/oksa.co\/\"},{\"@type\":\"ListItem\",\"position\":2,\"name\":\"\u00c9nergie\",\"item\":\"https:\/\/oksa.co\/?page_id=405\"},{\"@type\":\"ListItem\",\"position\":3,\"name\":\"\u00c9clairage public\"}]},{\"@type\":\"WebSite\",\"@id\":\"https:\/\/oksa.co\/#website\",\"url\":\"https:\/\/oksa.co\/\",\"name\":\"Oksa Group\",\"description\":\"\",\"publisher\":{\"@id\":\"https:\/\/oksa.co\/#organization\"},\"potentialAction\":[{\"@type\":\"SearchAction\",\"target\":{\"@type\":\"EntryPoint\",\"urlTemplate\":\"https:\/\/oksa.co\/?s={search_term_string}\"},\"query-input\":{\"@type\":\"PropertyValueSpecification\",\"valueRequired\":true,\"valueName\":\"search_term_string\"}}],\"inLanguage\":\"fr-FR\"},{\"@type\":\"Organization\",\"@id\":\"https:\/\/oksa.co\/#organization\",\"name\":\"Oksa Group\",\"url\":\"https:\/\/oksa.co\/\",\"logo\":{\"@type\":\"ImageObject\",\"inLanguage\":\"fr-FR\",\"@id\":\"https:\/\/oksa.co\/#\/schema\/logo\/image\/\",\"url\":\"https:\/\/oksa.co\/wp-content\/uploads\/2024\/07\/logo-marron.webp\",\"contentUrl\":\"https:\/\/oksa.co\/wp-content\/uploads\/2024\/07\/logo-marron.webp\",\"width\":400,\"height\":155,\"caption\":\"Oksa Group\"},\"image\":{\"@id\":\"https:\/\/oksa.co\/#\/schema\/logo\/image\/\"}}]}<\/script>\n<!-- \/ Yoast SEO plugin. -->","yoast_head_json":{"title":"\u00c9clairage public - Oksa","robots":{"index":"index","follow":"follow","max-snippet":"max-snippet:-1","max-image-preview":"max-image-preview:large","max-video-preview":"max-video-preview:-1"},"canonical":"https:\/\/oksa.co\/?page_id=412","og_locale":"fr_FR","og_type":"article","og_title":"\u00c9clairage public - Oksa","og_description":"Le meilleur alli\u00e9 de vos \u00e9quipements S&rsquo;\u00e9clairer juste Pour accompagner les collectivit\u00e9s face \u00e0 leur double enjeu d\u2019optimisation des finances publiques et de pr\u00e9servation de l\u2019environnement, OKSA propose des solutions d\u2019\u00e9clairage globales de plus en plus performantes \u00e9nerg\u00e9tiquement, avec des engagements de r\u00e9duction de consommation sur la dur\u00e9e (jusqu\u2019\u00e0 40%). OKSA travaille avec ses clients [&hellip;]","og_url":"https:\/\/oksa.co\/?page_id=412","og_site_name":"Oksa","article_modified_time":"2024-10-16T17:28:26+00:00","og_image":[{"url":"https:\/\/oksa.co\/wp-content\/uploads\/2022\/08\/gestion_armoire-173x300-1.png"}],"twitter_card":"summary_large_image","twitter_misc":{"Dur\u00e9e de lecture estim\u00e9e":"3 minutes"},"schema":{"@context":"https:\/\/schema.org","@graph":[{"@type":"WebPage","@id":"https:\/\/oksa.co\/?page_id=412","url":"https:\/\/oksa.co\/?page_id=412","name":"\u00c9clairage public - Oksa","isPartOf":{"@id":"https:\/\/oksa.co\/#website"},"primaryImageOfPage":{"@id":"https:\/\/oksa.co\/?page_id=412#primaryimage"},"image":{"@id":"https:\/\/oksa.co\/?page_id=412#primaryimage"},"thumbnailUrl":"https:\/\/oksa.co\/wp-content\/uploads\/2022\/08\/gestion_armoire-173x300-1.png","datePublished":"2024-08-19T14:07:42+00:00","dateModified":"2024-10-16T17:28:26+00:00","breadcrumb":{"@id":"https:\/\/oksa.co\/?page_id=412#breadcrumb"},"inLanguage":"fr-FR","potentialAction":[{"@type":"ReadAction","target":["https:\/\/oksa.co\/?page_id=412"]}]},{"@type":"ImageObject","inLanguage":"fr-FR","@id":"https:\/\/oksa.co\/?page_id=412#primaryimage","url":"https:\/\/oksa.co\/wp-content\/uploads\/2022\/08\/gestion_armoire-173x300-1.png","contentUrl":"https:\/\/oksa.co\/wp-content\/uploads\/2022\/08\/gestion_armoire-173x300-1.png"},{"@type":"BreadcrumbList","@id":"https:\/\/oksa.co\/?page_id=412#breadcrumb","itemListElement":[{"@type":"ListItem","position":1,"name":"Accueil","item":"https:\/\/oksa.co\/"},{"@type":"ListItem","position":2,"name":"\u00c9nergie","item":"https:\/\/oksa.co\/?page_id=405"},{"@type":"ListItem","position":3,"name":"\u00c9clairage public"}]},{"@type":"WebSite","@id":"https:\/\/oksa.co\/#website","url":"https:\/\/oksa.co\/","name":"Oksa Group","description":"","publisher":{"@id":"https:\/\/oksa.co\/#organization"},"potentialAction":[{"@type":"SearchAction","target":{"@type":"EntryPoint","urlTemplate":"https:\/\/oksa.co\/?s={search_term_string}"},"query-input":{"@type":"PropertyValueSpecification","valueRequired":true,"valueName":"search_term_string"}}],"inLanguage":"fr-FR"},{"@type":"Organization","@id":"https:\/\/oksa.co\/#organization","name":"Oksa Group","url":"https:\/\/oksa.co\/","logo":{"@type":"ImageObject","inLanguage":"fr-FR","@id":"https:\/\/oksa.co\/#\/schema\/logo\/image\/","url":"https:\/\/oksa.co\/wp-content\/uploads\/2024\/07\/logo-marron.webp","contentUrl":"https:\/\/oksa.co\/wp-content\/uploads\/2024\/07\/logo-marron.webp","width":400,"height":155,"caption":"Oksa Group"},"image":{"@id":"https:\/\/oksa.co\/#\/schema\/logo\/image\/"}}]}},"_links":{"self":[{"href":"https:\/\/oksa.co\/index.php?rest_route=\/wp\/v2\/pages\/412","targetHints":{"allow":["GET"]}}],"collection":[{"href":"https:\/\/oksa.co\/index.php?rest_route=\/wp\/v2\/pages"}],"about":[{"href":"https:\/\/oksa.co\/index.php?rest_route=\/wp\/v2\/types\/page"}],"author":[{"embeddable":true,"href":"https:\/\/oksa.co\/index.php?rest_route=\/wp\/v2\/users\/1"}],"replies":[{"embeddable":true,"href":"https:\/\/oksa.co\/index.php?rest_route=%2Fwp%2Fv2%2Fcomments&post=412"}],"version-history":[{"count":34,"href":"https:\/\/oksa.co\/index.php?rest_route=\/wp\/v2\/pages\/412\/revisions"}],"predecessor-version":[{"id":1110,"href":"https:\/\/oksa.co\/index.php?rest_route=\/wp\/v2\/pages\/412\/revisions\/1110"}],"up":[{"embeddable":true,"href":"https:\/\/oksa.co\/index.php?rest_route=\/wp\/v2\/pages\/405"}],"wp:attachment":[{"href":"https:\/\/oksa.co\/index.php?rest_route=%2Fwp%2Fv2%2Fmedia&parent=412"}],"curies":[{"name":"wp","href":"https:\/\/api.w.org\/{rel}","templated":true}]}}