{"id":554,"date":"2024-08-24T09:48:13","date_gmt":"2024-08-24T09:48:13","guid":{"rendered":"https:\/\/oksa.cogitoweb.net\/?page_id=554"},"modified":"2024-08-24T10:22:24","modified_gmt":"2024-08-24T10:22:24","slug":"smart-meter","status":"publish","type":"page","link":"https:\/\/oksa.co\/?page_id=554","title":{"rendered":"Smart meter"},"content":{"rendered":"\t\t<div data-elementor-type=\"wp-page\" data-elementor-id=\"554\" class=\"elementor elementor-554\" data-elementor-post-type=\"page\">\n\t\t\t\t<div class=\"elementor-element elementor-element-a7e868f e-con-full e-flex e-con e-parent\" data-id=\"a7e868f\" data-element_type=\"container\">\n\t\t\t\t<div class=\"elementor-element elementor-element-dd1194c elementor-widget elementor-widget-template\" data-id=\"dd1194c\" data-element_type=\"widget\" data-widget_type=\"template.default\">\n\t\t\t\t<div class=\"elementor-widget-container\">\n\t\t\t\t\t<div class=\"elementor-template\">\n\t\t\t\t\t<div data-elementor-type=\"page\" data-elementor-id=\"533\" class=\"elementor elementor-533\" data-elementor-post-type=\"elementor_library\">\n\t\t\t\t<div class=\"elementor-element elementor-element-5113573f e-flex e-con-boxed e-con e-parent\" data-id=\"5113573f\" data-element_type=\"container\" data-settings=\"{&quot;background_background&quot;:&quot;classic&quot;,&quot;shape_divider_bottom&quot;:&quot;curve&quot;,&quot;shape_divider_bottom_negative&quot;:&quot;yes&quot;}\">\n\t\t\t\t\t<div class=\"e-con-inner\">\n\t\t\t\t<div class=\"elementor-shape elementor-shape-bottom\" data-negative=\"true\">\n\t\t\t<svg xmlns=\"http:\/\/www.w3.org\/2000\/svg\" viewBox=\"0 0 1000 100\" preserveAspectRatio=\"none\">\n\t<path class=\"elementor-shape-fill\" d=\"M500,97C126.7,96.3,0.8,19.8,0,0v100l1000,0V1C1000,19.4,873.3,97.8,500,97z\"\/>\n<\/svg>\t\t<\/div>\n\t\t\t\t\t<\/div>\n\t\t\t\t<\/div>\n\t\t<div class=\"elementor-element elementor-element-20b81b80 e-flex e-con-boxed e-con e-parent\" data-id=\"20b81b80\" data-element_type=\"container\">\n\t\t\t\t\t<div class=\"e-con-inner\">\n\t\t\t\t<div class=\"elementor-element elementor-element-622aa014 elementor-widget elementor-widget-breadcrumbs\" data-id=\"622aa014\" data-element_type=\"widget\" data-widget_type=\"breadcrumbs.default\">\n\t\t\t\t<div class=\"elementor-widget-container\">\n\t\t\t<span id=\"breadcrumbs\"><span><span><a href=\"https:\/\/oksa.co\/\">Accueil<\/a><\/span><\/span><\/span>\t\t<\/div>\n\t\t\t\t<\/div>\n\t\t\t\t\t<\/div>\n\t\t\t\t<\/div>\n\t\t<div class=\"elementor-element elementor-element-53ffc72b e-flex e-con-boxed e-con e-parent\" data-id=\"53ffc72b\" data-element_type=\"container\">\n\t\t\t\t\t<div class=\"e-con-inner\">\n\t\t\t\t<div class=\"elementor-element elementor-element-31e561aa custom-h2 elementor-widget elementor-widget-heading\" data-id=\"31e561aa\" data-element_type=\"widget\" data-widget_type=\"heading.default\">\n\t\t\t\t<div class=\"elementor-widget-container\">\n\t\t\t<h1 class=\"elementor-heading-title elementor-size-default\">Smart meter<\/h1>\t\t<\/div>\n\t\t\t\t<\/div>\n\t\t\t\t\t<\/div>\n\t\t\t\t<\/div>\n\t\t\t\t<\/div>\n\t\t\t\t<\/div>\n\t\t\t\t<\/div>\n\t\t\t\t<\/div>\n\t\t\t\t<\/div>\n\t\t<div class=\"elementor-element elementor-element-45ea9d2 e-flex e-con-boxed e-con e-parent\" data-id=\"45ea9d2\" data-element_type=\"container\">\n\t\t\t\t\t<div class=\"e-con-inner\">\n\t\t\t\t<div class=\"elementor-element elementor-element-70a80cf energie elementor-widget elementor-widget-text-editor\" data-id=\"70a80cf\" data-element_type=\"widget\" data-widget_type=\"text-editor.default\">\n\t\t\t\t<div class=\"elementor-widget-container\">\n\t\t\t\t\t\t\t<h2>L\u2019\u00c9TAPE SUIVANTE LOGIQUE POUR DEMAIN<\/h2><p>Avec la demande croissante en \u00e9nergie au niveau mondial, l\u2019infrastructure \u00e9lectrique vieillissante et la n\u00e9cessit\u00e9 d\u2019int\u00e9grer les sources d\u2019\u00e9nergie renouvelables, il est essentiel d\u2019adopter une nouvelle approche pour que l\u2019industrie de l\u2019\u00e9nergie \u00e9lectrique et les r\u00e9seaux nationaux s\u2019\u00e9quipent, afin de r\u00e9pondre \u00e0 ces nouvelles exigences et que les services publics puissent atteindre le niveau sup\u00e9rieur.<\/p><p>Les r\u00e9seaux \u00e9lectriques intelligents constituent la nouvelle approche pour optimiser l\u2019infrastructure existante tout en permettant l\u2019interconnexion, l\u2019interop\u00e9rabilit\u00e9, une meilleure efficacit\u00e9 op\u00e9rationnelle, la r\u00e9duction de la consommation \u00e9nerg\u00e9tique et l\u2019augmentation de la fiabilit\u00e9. Pour simplifier, les r\u00e9seaux intelligents permettent une efficacit\u00e9 optimale dans la gestion de l\u2019\u00e9nergie pour offrir aux services publics et aux consommateurs une utilisation plus efficace et plus \u00e9conomique. Les r\u00e9seaux \u00e9lectriques intelligents utilisent et reposent principalement sur les solutions d\u2019approvisionnement en \u00e9lectricit\u00e9 existantes, auxquelles ont \u00e9t\u00e9 ajout\u00e9es des technologies de communication et de contr\u00f4le. Cela permet \u00e9galement l\u2019int\u00e9gration de nouvelles fonctionnalit\u00e9s et d\u2019applications avanc\u00e9es.<\/p><p>Une architecture ouverte est n\u00e9cessaire pour faire \u00e9voluer le r\u00e9seau de distribution de l\u2019\u00e9lectricit\u00e9, actuellement en mode manuel, vers un r\u00e9seau automatis\u00e9. Des moyens de surveillance, d\u2019analyse, de contr\u00f4le et de communication doivent \u00eatre utilis\u00e9s par le processus et le syst\u00e8me pour atteindre une efficacit\u00e9 sup\u00e9rieure.<\/p><p>Gr\u00e2ce \u00e0 son savoir-faire, son expertise et ses capacit\u00e9s d\u2019int\u00e9gration, OKSA s\u2019inscrit dans le d\u00e9veloppement des r\u00e9seaux intelligents, dans une optique d\u2019efficacit\u00e9, de fiabilit\u00e9, de s\u00e9curit\u00e9 et de p\u00e9rennit\u00e9.<\/p><h2>L\u2019\u00c9TAPE SUIVANTE LOGIQUE POUR DEMAIN<\/h2><p>Le r\u00f4le des compteurs au sein d\u2019un r\u00e9seau intelligent ne se limite pas \u00e0 la simple mesure de la consommation \u00e9nerg\u00e9tique.<\/p><p>Il s\u2019agit des dispositifs de d\u00e9tection, positionn\u00e9s en limite d\u2019une zone, ils sont capables de transmettre une image compl\u00e8te de ce qui se passe sur cette partie cruciale du r\u00e9seau et aussi de contribuer \u00e0 tous les aspects du fonctionnement d\u2019un service public. C\u2019est la raison pour laquelle ils sont appel\u00e9s \u00ab compteurs intelligents \u00bb ou \u00ab infrastructure de comptage avanc\u00e9e \u00bb.<\/p><p>Le partenariat avec les leaders du march\u00e9 du comptage permet \u00e0 OKSA de se d\u00e9marquer dans le secteur de la technologie \u00ab intelligente \u00bb. Nous offrons \u00e0 nos clients notre savoir-faire et une technologie de comptage intelligente \u00e9prouv\u00e9e, aujourd\u2019hui int\u00e9gr\u00e9e dans plus de 30 millions de compteurs \u00e9lectriques op\u00e9rationnels partout dans le monde.<\/p><h3>SCADA (SUPERVISORY CONTROL &amp; DATA ACQUISITION)<\/h3><p>Commande des transferts d\u2019\u00e9nergie de la production \u00e0 la distribution d\u2019\u00e9nergie \u00e9lectrique<\/p><p>Le syst\u00e8me est une infrastructure de mesure avanc\u00e9e (AMI) qui repose sur un poste \u00e9lectrique ou un transformateur.<br \/>Cela signifie qu\u2019une partie des donn\u00e9es dites \u00ab intelligentes \u00bb qui proviennent des dispositifs connect\u00e9s peut \u00eatre utilis\u00e9e par tous les transformateurs de distribution basse tension.<br \/>Le r\u00e9seau peut alors r\u00e9agir intelligemment et de mani\u00e8re proactive aux conditions du syst\u00e8me avant qu\u2019elles ne prennent effet, par exemple aux conditions de surcharge des transformateurs, aux probl\u00e8mes de tension et aux anomalies qui alt\u00e8rent le r\u00e9seau. Le d\u00e9ploiement de toute autre solution AMI qui repose sur chaque compteur ne permet pas une int\u00e9gration efficace des co\u00fbts de l\u2019AMI et des applications des r\u00e9seaux intelligents, notamment la r\u00e9ponse \u00e0 la demande, la g\u00e9n\u00e9ration distribu\u00e9e, les services THT, le contr\u00f4le Volt\/VAR et de nombreuses autres applications.<\/p>\t\t\t\t\t\t<\/div>\n\t\t\t\t<\/div>\n\t\t\t\t\t<\/div>\n\t\t\t\t<\/div>\n\t\t\t\t<\/div>\n\t\t","protected":false},"excerpt":{"rendered":"<p>L\u2019\u00c9TAPE SUIVANTE LOGIQUE POUR DEMAIN Avec la demande croissante en \u00e9nergie au niveau mondial, l\u2019infrastructure \u00e9lectrique vieillissante et la n\u00e9cessit\u00e9 d\u2019int\u00e9grer les sources d\u2019\u00e9nergie renouvelables, il est essentiel d\u2019adopter une nouvelle approche pour que l\u2019industrie de l\u2019\u00e9nergie \u00e9lectrique et les r\u00e9seaux nationaux s\u2019\u00e9quipent, afin de r\u00e9pondre \u00e0 ces nouvelles exigences et que les services publics [&hellip;]<\/p>\n","protected":false},"author":1,"featured_media":0,"parent":405,"menu_order":0,"comment_status":"closed","ping_status":"closed","template":"elementor_header_footer","meta":{"footnotes":""},"class_list":["post-554","page","type-page","status-publish","hentry"],"yoast_head":"<!-- This site is optimized with the Yoast SEO plugin v23.6 - https:\/\/yoast.com\/wordpress\/plugins\/seo\/ -->\n<title>Smart meter - Oksa<\/title>\n<meta name=\"robots\" content=\"index, follow, max-snippet:-1, max-image-preview:large, max-video-preview:-1\" \/>\n<link rel=\"canonical\" href=\"https:\/\/oksa.co\/?page_id=554\" \/>\n<meta property=\"og:locale\" content=\"fr_FR\" \/>\n<meta property=\"og:type\" content=\"article\" \/>\n<meta property=\"og:title\" content=\"Smart meter - Oksa\" \/>\n<meta property=\"og:description\" content=\"L\u2019\u00c9TAPE SUIVANTE LOGIQUE POUR DEMAIN Avec la demande croissante en \u00e9nergie au niveau mondial, l\u2019infrastructure \u00e9lectrique vieillissante et la n\u00e9cessit\u00e9 d\u2019int\u00e9grer les sources d\u2019\u00e9nergie renouvelables, il est essentiel d\u2019adopter une nouvelle approche pour que l\u2019industrie de l\u2019\u00e9nergie \u00e9lectrique et les r\u00e9seaux nationaux s\u2019\u00e9quipent, afin de r\u00e9pondre \u00e0 ces nouvelles exigences et que les services publics [&hellip;]\" \/>\n<meta property=\"og:url\" content=\"https:\/\/oksa.co\/?page_id=554\" \/>\n<meta property=\"og:site_name\" content=\"Oksa\" \/>\n<meta property=\"article:modified_time\" content=\"2024-08-24T10:22:24+00:00\" \/>\n<meta property=\"og:image\" content=\"https:\/\/oksa.co\/wp-content\/uploads\/2024\/07\/logo-marron.webp\" \/>\n\t<meta property=\"og:image:width\" content=\"400\" \/>\n\t<meta property=\"og:image:height\" content=\"155\" \/>\n\t<meta property=\"og:image:type\" content=\"image\/webp\" \/>\n<meta name=\"twitter:card\" content=\"summary_large_image\" \/>\n<meta name=\"twitter:label1\" content=\"Dur\u00e9e de lecture estim\u00e9e\" \/>\n\t<meta name=\"twitter:data1\" content=\"3 minutes\" \/>\n<script type=\"application\/ld+json\" class=\"yoast-schema-graph\">{\"@context\":\"https:\/\/schema.org\",\"@graph\":[{\"@type\":\"WebPage\",\"@id\":\"https:\/\/oksa.co\/?page_id=554\",\"url\":\"https:\/\/oksa.co\/?page_id=554\",\"name\":\"Smart meter - Oksa\",\"isPartOf\":{\"@id\":\"https:\/\/oksa.co\/#website\"},\"datePublished\":\"2024-08-24T09:48:13+00:00\",\"dateModified\":\"2024-08-24T10:22:24+00:00\",\"breadcrumb\":{\"@id\":\"https:\/\/oksa.co\/?page_id=554#breadcrumb\"},\"inLanguage\":\"fr-FR\",\"potentialAction\":[{\"@type\":\"ReadAction\",\"target\":[\"https:\/\/oksa.co\/?page_id=554\"]}]},{\"@type\":\"BreadcrumbList\",\"@id\":\"https:\/\/oksa.co\/?page_id=554#breadcrumb\",\"itemListElement\":[{\"@type\":\"ListItem\",\"position\":1,\"name\":\"Accueil\",\"item\":\"https:\/\/oksa.co\/\"},{\"@type\":\"ListItem\",\"position\":2,\"name\":\"\u00c9nergie\",\"item\":\"https:\/\/oksa.co\/?page_id=405\"},{\"@type\":\"ListItem\",\"position\":3,\"name\":\"Smart meter\"}]},{\"@type\":\"WebSite\",\"@id\":\"https:\/\/oksa.co\/#website\",\"url\":\"https:\/\/oksa.co\/\",\"name\":\"Oksa Group\",\"description\":\"\",\"publisher\":{\"@id\":\"https:\/\/oksa.co\/#organization\"},\"potentialAction\":[{\"@type\":\"SearchAction\",\"target\":{\"@type\":\"EntryPoint\",\"urlTemplate\":\"https:\/\/oksa.co\/?s={search_term_string}\"},\"query-input\":{\"@type\":\"PropertyValueSpecification\",\"valueRequired\":true,\"valueName\":\"search_term_string\"}}],\"inLanguage\":\"fr-FR\"},{\"@type\":\"Organization\",\"@id\":\"https:\/\/oksa.co\/#organization\",\"name\":\"Oksa Group\",\"url\":\"https:\/\/oksa.co\/\",\"logo\":{\"@type\":\"ImageObject\",\"inLanguage\":\"fr-FR\",\"@id\":\"https:\/\/oksa.co\/#\/schema\/logo\/image\/\",\"url\":\"https:\/\/oksa.co\/wp-content\/uploads\/2024\/07\/logo-marron.webp\",\"contentUrl\":\"https:\/\/oksa.co\/wp-content\/uploads\/2024\/07\/logo-marron.webp\",\"width\":400,\"height\":155,\"caption\":\"Oksa Group\"},\"image\":{\"@id\":\"https:\/\/oksa.co\/#\/schema\/logo\/image\/\"}}]}<\/script>\n<!-- \/ Yoast SEO plugin. -->","yoast_head_json":{"title":"Smart meter - Oksa","robots":{"index":"index","follow":"follow","max-snippet":"max-snippet:-1","max-image-preview":"max-image-preview:large","max-video-preview":"max-video-preview:-1"},"canonical":"https:\/\/oksa.co\/?page_id=554","og_locale":"fr_FR","og_type":"article","og_title":"Smart meter - Oksa","og_description":"L\u2019\u00c9TAPE SUIVANTE LOGIQUE POUR DEMAIN Avec la demande croissante en \u00e9nergie au niveau mondial, l\u2019infrastructure \u00e9lectrique vieillissante et la n\u00e9cessit\u00e9 d\u2019int\u00e9grer les sources d\u2019\u00e9nergie renouvelables, il est essentiel d\u2019adopter une nouvelle approche pour que l\u2019industrie de l\u2019\u00e9nergie \u00e9lectrique et les r\u00e9seaux nationaux s\u2019\u00e9quipent, afin de r\u00e9pondre \u00e0 ces nouvelles exigences et que les services publics [&hellip;]","og_url":"https:\/\/oksa.co\/?page_id=554","og_site_name":"Oksa","article_modified_time":"2024-08-24T10:22:24+00:00","og_image":[{"width":400,"height":155,"url":"https:\/\/oksa.co\/wp-content\/uploads\/2024\/07\/logo-marron.webp","type":"image\/webp"}],"twitter_card":"summary_large_image","twitter_misc":{"Dur\u00e9e de lecture estim\u00e9e":"3 minutes"},"schema":{"@context":"https:\/\/schema.org","@graph":[{"@type":"WebPage","@id":"https:\/\/oksa.co\/?page_id=554","url":"https:\/\/oksa.co\/?page_id=554","name":"Smart meter - Oksa","isPartOf":{"@id":"https:\/\/oksa.co\/#website"},"datePublished":"2024-08-24T09:48:13+00:00","dateModified":"2024-08-24T10:22:24+00:00","breadcrumb":{"@id":"https:\/\/oksa.co\/?page_id=554#breadcrumb"},"inLanguage":"fr-FR","potentialAction":[{"@type":"ReadAction","target":["https:\/\/oksa.co\/?page_id=554"]}]},{"@type":"BreadcrumbList","@id":"https:\/\/oksa.co\/?page_id=554#breadcrumb","itemListElement":[{"@type":"ListItem","position":1,"name":"Accueil","item":"https:\/\/oksa.co\/"},{"@type":"ListItem","position":2,"name":"\u00c9nergie","item":"https:\/\/oksa.co\/?page_id=405"},{"@type":"ListItem","position":3,"name":"Smart meter"}]},{"@type":"WebSite","@id":"https:\/\/oksa.co\/#website","url":"https:\/\/oksa.co\/","name":"Oksa Group","description":"","publisher":{"@id":"https:\/\/oksa.co\/#organization"},"potentialAction":[{"@type":"SearchAction","target":{"@type":"EntryPoint","urlTemplate":"https:\/\/oksa.co\/?s={search_term_string}"},"query-input":{"@type":"PropertyValueSpecification","valueRequired":true,"valueName":"search_term_string"}}],"inLanguage":"fr-FR"},{"@type":"Organization","@id":"https:\/\/oksa.co\/#organization","name":"Oksa Group","url":"https:\/\/oksa.co\/","logo":{"@type":"ImageObject","inLanguage":"fr-FR","@id":"https:\/\/oksa.co\/#\/schema\/logo\/image\/","url":"https:\/\/oksa.co\/wp-content\/uploads\/2024\/07\/logo-marron.webp","contentUrl":"https:\/\/oksa.co\/wp-content\/uploads\/2024\/07\/logo-marron.webp","width":400,"height":155,"caption":"Oksa Group"},"image":{"@id":"https:\/\/oksa.co\/#\/schema\/logo\/image\/"}}]}},"_links":{"self":[{"href":"https:\/\/oksa.co\/index.php?rest_route=\/wp\/v2\/pages\/554","targetHints":{"allow":["GET"]}}],"collection":[{"href":"https:\/\/oksa.co\/index.php?rest_route=\/wp\/v2\/pages"}],"about":[{"href":"https:\/\/oksa.co\/index.php?rest_route=\/wp\/v2\/types\/page"}],"author":[{"embeddable":true,"href":"https:\/\/oksa.co\/index.php?rest_route=\/wp\/v2\/users\/1"}],"replies":[{"embeddable":true,"href":"https:\/\/oksa.co\/index.php?rest_route=%2Fwp%2Fv2%2Fcomments&post=554"}],"version-history":[{"count":13,"href":"https:\/\/oksa.co\/index.php?rest_route=\/wp\/v2\/pages\/554\/revisions"}],"predecessor-version":[{"id":605,"href":"https:\/\/oksa.co\/index.php?rest_route=\/wp\/v2\/pages\/554\/revisions\/605"}],"up":[{"embeddable":true,"href":"https:\/\/oksa.co\/index.php?rest_route=\/wp\/v2\/pages\/405"}],"wp:attachment":[{"href":"https:\/\/oksa.co\/index.php?rest_route=%2Fwp%2Fv2%2Fmedia&parent=554"}],"curies":[{"name":"wp","href":"https:\/\/api.w.org\/{rel}","templated":true}]}}