{"id":564,"date":"2024-08-24T10:04:40","date_gmt":"2024-08-24T10:04:40","guid":{"rendered":"https:\/\/oksa.cogitoweb.net\/?page_id=564"},"modified":"2024-08-24T10:15:10","modified_gmt":"2024-08-24T10:15:10","slug":"controle-reglementaire","status":"publish","type":"page","link":"https:\/\/oksa.co\/?page_id=564","title":{"rendered":"Contr\u00f4le r\u00e9glementaire"},"content":{"rendered":"\t\t<div data-elementor-type=\"wp-page\" data-elementor-id=\"564\" class=\"elementor elementor-564\" data-elementor-post-type=\"page\">\n\t\t\t\t<div class=\"elementor-element elementor-element-4b04bd6 e-con-full e-flex e-con e-parent\" data-id=\"4b04bd6\" data-element_type=\"container\">\n\t\t\t\t<div class=\"elementor-element elementor-element-7613dca elementor-widget elementor-widget-template\" data-id=\"7613dca\" data-element_type=\"widget\" data-widget_type=\"template.default\">\n\t\t\t\t<div class=\"elementor-widget-container\">\n\t\t\t\t\t<div class=\"elementor-template\">\n\t\t\t\t\t<div data-elementor-type=\"page\" data-elementor-id=\"533\" class=\"elementor elementor-533\" data-elementor-post-type=\"elementor_library\">\n\t\t\t\t<div class=\"elementor-element elementor-element-5113573f e-flex e-con-boxed e-con e-parent\" data-id=\"5113573f\" data-element_type=\"container\" data-settings=\"{&quot;background_background&quot;:&quot;classic&quot;,&quot;shape_divider_bottom&quot;:&quot;curve&quot;,&quot;shape_divider_bottom_negative&quot;:&quot;yes&quot;}\">\n\t\t\t\t\t<div class=\"e-con-inner\">\n\t\t\t\t<div class=\"elementor-shape elementor-shape-bottom\" data-negative=\"true\">\n\t\t\t<svg xmlns=\"http:\/\/www.w3.org\/2000\/svg\" viewBox=\"0 0 1000 100\" preserveAspectRatio=\"none\">\n\t<path class=\"elementor-shape-fill\" d=\"M500,97C126.7,96.3,0.8,19.8,0,0v100l1000,0V1C1000,19.4,873.3,97.8,500,97z\"\/>\n<\/svg>\t\t<\/div>\n\t\t\t\t\t<\/div>\n\t\t\t\t<\/div>\n\t\t<div class=\"elementor-element elementor-element-20b81b80 e-flex e-con-boxed e-con e-parent\" data-id=\"20b81b80\" data-element_type=\"container\">\n\t\t\t\t\t<div class=\"e-con-inner\">\n\t\t\t\t<div class=\"elementor-element elementor-element-622aa014 elementor-widget elementor-widget-breadcrumbs\" data-id=\"622aa014\" data-element_type=\"widget\" data-widget_type=\"breadcrumbs.default\">\n\t\t\t\t<div class=\"elementor-widget-container\">\n\t\t\t<span id=\"breadcrumbs\"><span><span><a href=\"https:\/\/oksa.co\/\">Accueil<\/a><\/span><\/span><\/span>\t\t<\/div>\n\t\t\t\t<\/div>\n\t\t\t\t\t<\/div>\n\t\t\t\t<\/div>\n\t\t<div class=\"elementor-element elementor-element-53ffc72b e-flex e-con-boxed e-con e-parent\" data-id=\"53ffc72b\" data-element_type=\"container\">\n\t\t\t\t\t<div class=\"e-con-inner\">\n\t\t\t\t<div class=\"elementor-element elementor-element-31e561aa custom-h2 elementor-widget elementor-widget-heading\" data-id=\"31e561aa\" data-element_type=\"widget\" data-widget_type=\"heading.default\">\n\t\t\t\t<div class=\"elementor-widget-container\">\n\t\t\t<h1 class=\"elementor-heading-title elementor-size-default\">Contr\u00f4le r\u00e9glementaire<\/h1>\t\t<\/div>\n\t\t\t\t<\/div>\n\t\t\t\t\t<\/div>\n\t\t\t\t<\/div>\n\t\t\t\t<\/div>\n\t\t\t\t<\/div>\n\t\t\t\t<\/div>\n\t\t\t\t<\/div>\n\t\t\t\t<\/div>\n\t\t<div class=\"elementor-element elementor-element-4d9a075 e-flex e-con-boxed e-con e-parent\" data-id=\"4d9a075\" data-element_type=\"container\">\n\t\t\t\t\t<div class=\"e-con-inner\">\n\t\t\t\t<div class=\"elementor-element elementor-element-b04dd60 energie elementor-widget elementor-widget-text-editor\" data-id=\"b04dd60\" data-element_type=\"widget\" data-widget_type=\"text-editor.default\">\n\t\t\t\t<div class=\"elementor-widget-container\">\n\t\t\t\t\t\t\t<p>Le Ministre de l\u2019industrie, de l\u2019investissement ,du commerce, et de l\u2019\u00e9conomie Num\u00e9rique, Vu la loi num\u00e9ro 2.79 relative aux unit\u00e9s de mesure promulgu\u00e9e par le dahir num\u00e9ro 1.86.193 du 28 Rabii II 1407 (31 d\u00e9cembre 1986) telle qu\u2019elle a \u00e9t\u00e9 modifi\u00e9e et compl\u00e9t\u00e9e par la loi num\u00e9ro 22.03 promulgu\u00e9e par le dahir num\u00e9ro\u00a0<strong>1.03.206 du 16 ramdan 1424 (11 novembre 2003)<\/strong>, notamment son article.<\/p><p>Vu l\u2019arr\u00eat\u00e9 du ministre de l\u2019industrie, du commerce et des nouvelles technologies num\u00e9ro 972.10 du 17 kaada 1431 (26 octobre 2010) fixant les modalit\u00e9s d\u2019application des articles 17,20,30,33 et 42 du d\u00e9cret num\u00e9ro 2.05.813 du 25 joumada I 1430 (21 mai 2009) relatif au contr\u00f4le des instruments de mesure, notamment des articles 16 et 17;<\/p><p>Vu l\u2019arr\u00eat\u00e9 du ministre de l\u2019industrie, du commerce et des nouvelles technologies num\u00e9ro 3595-12 du safar 1434 (27 d\u00e9cembre 2012) relatif aux compteurs d\u2019\u00e9nergie \u00e9lectrique, Apr\u00e8s \u00e9valuation de la soci\u00e9t\u00e9 OKSA(S.A).\u00a0<\/p><h2>D\u00e9cide :<\/h2><p><strong>ART.1<\/strong>\u00a0La soci\u00e9t\u00e9 OKSA (S.A), sise \u00e0 Rabat, Immeuble OMINIPRISE, Angle Avenue Al ALAOUYINE et Rue ALMARINIINR, Hassan est agr\u00e9\u00e9e pour effectuer la v\u00e9rification premi\u00e8re et p\u00e9riodique des compteurs d\u2019\u00e9nergie \u00e9lectrique.<\/p><p><strong>ART.2<\/strong> Cette d\u00e9cision est valide deux ann\u00e9es \u00e0 partir de la date de signature.\u00a0<\/p><h3><strong>PRIX DES PRESTATIONS :<\/strong><\/h3><p><strong>V\u00e9rification Premi\u00e8re des compteurs d\u2019\u00e9nergie \u00e9lectrique :<\/strong><\/p><p>Notre prix est de\u00a089 DHs HT* par compteur.<\/p><p><strong>V\u00e9rification\u00a0P\u00e9riodique des compteurs d\u2019\u00e9nergie \u00e9lectrique :<\/strong><\/p><p>Notre prix pour la v\u00e9rification p\u00e9riodiques hors frais logistique et par journ\u00e9e de travail est de 3520 DHs HT*<\/p><p>NOTE : * Taxes du minist\u00e8re et TVA (20%) non-inclus.<\/p><p><strong><a href=\"https:\/\/oksa.co\/wp-content\/uploads\/2022\/08\/Agre\u0301ment.pdf\">Voir la d\u00e9cision du Minist\u00e8re &gt;&gt;<\/a><\/strong><\/p>\t\t\t\t\t\t<\/div>\n\t\t\t\t<\/div>\n\t\t\t\t\t<\/div>\n\t\t\t\t<\/div>\n\t\t\t\t<\/div>\n\t\t","protected":false},"excerpt":{"rendered":"<p>Le Ministre de l\u2019industrie, de l\u2019investissement ,du commerce, et de l\u2019\u00e9conomie Num\u00e9rique, Vu la loi num\u00e9ro 2.79 relative aux unit\u00e9s de mesure promulgu\u00e9e par le dahir num\u00e9ro 1.86.193 du 28 Rabii II 1407 (31 d\u00e9cembre 1986) telle qu\u2019elle a \u00e9t\u00e9 modifi\u00e9e et compl\u00e9t\u00e9e par la loi num\u00e9ro 22.03 promulgu\u00e9e par le dahir num\u00e9ro\u00a01.03.206 du 16 [&hellip;]<\/p>\n","protected":false},"author":1,"featured_media":0,"parent":405,"menu_order":0,"comment_status":"closed","ping_status":"closed","template":"elementor_header_footer","meta":{"footnotes":""},"class_list":["post-564","page","type-page","status-publish","hentry"],"yoast_head":"<!-- This site is optimized with the Yoast SEO plugin v23.6 - https:\/\/yoast.com\/wordpress\/plugins\/seo\/ -->\n<title>Contr\u00f4le r\u00e9glementaire - Oksa<\/title>\n<meta name=\"robots\" content=\"index, follow, max-snippet:-1, max-image-preview:large, max-video-preview:-1\" \/>\n<link rel=\"canonical\" href=\"https:\/\/oksa.co\/?page_id=564\" \/>\n<meta property=\"og:locale\" content=\"fr_FR\" \/>\n<meta property=\"og:type\" content=\"article\" \/>\n<meta property=\"og:title\" content=\"Contr\u00f4le r\u00e9glementaire - Oksa\" \/>\n<meta property=\"og:description\" content=\"Le Ministre de l\u2019industrie, de l\u2019investissement ,du commerce, et de l\u2019\u00e9conomie Num\u00e9rique, Vu la loi num\u00e9ro 2.79 relative aux unit\u00e9s de mesure promulgu\u00e9e par le dahir num\u00e9ro 1.86.193 du 28 Rabii II 1407 (31 d\u00e9cembre 1986) telle qu\u2019elle a \u00e9t\u00e9 modifi\u00e9e et compl\u00e9t\u00e9e par la loi num\u00e9ro 22.03 promulgu\u00e9e par le dahir num\u00e9ro\u00a01.03.206 du 16 [&hellip;]\" \/>\n<meta property=\"og:url\" content=\"https:\/\/oksa.co\/?page_id=564\" \/>\n<meta property=\"og:site_name\" content=\"Oksa\" \/>\n<meta property=\"article:modified_time\" content=\"2024-08-24T10:15:10+00:00\" \/>\n<meta property=\"og:image\" content=\"https:\/\/oksa.co\/wp-content\/uploads\/2024\/07\/logo-marron.webp\" \/>\n\t<meta property=\"og:image:width\" content=\"400\" \/>\n\t<meta property=\"og:image:height\" content=\"155\" \/>\n\t<meta property=\"og:image:type\" content=\"image\/webp\" \/>\n<meta name=\"twitter:card\" content=\"summary_large_image\" \/>\n<meta name=\"twitter:label1\" content=\"Dur\u00e9e de lecture estim\u00e9e\" \/>\n\t<meta name=\"twitter:data1\" content=\"2 minutes\" \/>\n<script type=\"application\/ld+json\" class=\"yoast-schema-graph\">{\"@context\":\"https:\/\/schema.org\",\"@graph\":[{\"@type\":\"WebPage\",\"@id\":\"https:\/\/oksa.co\/?page_id=564\",\"url\":\"https:\/\/oksa.co\/?page_id=564\",\"name\":\"Contr\u00f4le r\u00e9glementaire - Oksa\",\"isPartOf\":{\"@id\":\"https:\/\/oksa.co\/#website\"},\"datePublished\":\"2024-08-24T10:04:40+00:00\",\"dateModified\":\"2024-08-24T10:15:10+00:00\",\"breadcrumb\":{\"@id\":\"https:\/\/oksa.co\/?page_id=564#breadcrumb\"},\"inLanguage\":\"fr-FR\",\"potentialAction\":[{\"@type\":\"ReadAction\",\"target\":[\"https:\/\/oksa.co\/?page_id=564\"]}]},{\"@type\":\"BreadcrumbList\",\"@id\":\"https:\/\/oksa.co\/?page_id=564#breadcrumb\",\"itemListElement\":[{\"@type\":\"ListItem\",\"position\":1,\"name\":\"Accueil\",\"item\":\"https:\/\/oksa.co\/\"},{\"@type\":\"ListItem\",\"position\":2,\"name\":\"\u00c9nergie\",\"item\":\"https:\/\/oksa.co\/?page_id=405\"},{\"@type\":\"ListItem\",\"position\":3,\"name\":\"Contr\u00f4le r\u00e9glementaire\"}]},{\"@type\":\"WebSite\",\"@id\":\"https:\/\/oksa.co\/#website\",\"url\":\"https:\/\/oksa.co\/\",\"name\":\"Oksa Group\",\"description\":\"\",\"publisher\":{\"@id\":\"https:\/\/oksa.co\/#organization\"},\"potentialAction\":[{\"@type\":\"SearchAction\",\"target\":{\"@type\":\"EntryPoint\",\"urlTemplate\":\"https:\/\/oksa.co\/?s={search_term_string}\"},\"query-input\":{\"@type\":\"PropertyValueSpecification\",\"valueRequired\":true,\"valueName\":\"search_term_string\"}}],\"inLanguage\":\"fr-FR\"},{\"@type\":\"Organization\",\"@id\":\"https:\/\/oksa.co\/#organization\",\"name\":\"Oksa Group\",\"url\":\"https:\/\/oksa.co\/\",\"logo\":{\"@type\":\"ImageObject\",\"inLanguage\":\"fr-FR\",\"@id\":\"https:\/\/oksa.co\/#\/schema\/logo\/image\/\",\"url\":\"https:\/\/oksa.co\/wp-content\/uploads\/2024\/07\/logo-marron.webp\",\"contentUrl\":\"https:\/\/oksa.co\/wp-content\/uploads\/2024\/07\/logo-marron.webp\",\"width\":400,\"height\":155,\"caption\":\"Oksa Group\"},\"image\":{\"@id\":\"https:\/\/oksa.co\/#\/schema\/logo\/image\/\"}}]}<\/script>\n<!-- \/ Yoast SEO plugin. -->","yoast_head_json":{"title":"Contr\u00f4le r\u00e9glementaire - Oksa","robots":{"index":"index","follow":"follow","max-snippet":"max-snippet:-1","max-image-preview":"max-image-preview:large","max-video-preview":"max-video-preview:-1"},"canonical":"https:\/\/oksa.co\/?page_id=564","og_locale":"fr_FR","og_type":"article","og_title":"Contr\u00f4le r\u00e9glementaire - Oksa","og_description":"Le Ministre de l\u2019industrie, de l\u2019investissement ,du commerce, et de l\u2019\u00e9conomie Num\u00e9rique, Vu la loi num\u00e9ro 2.79 relative aux unit\u00e9s de mesure promulgu\u00e9e par le dahir num\u00e9ro 1.86.193 du 28 Rabii II 1407 (31 d\u00e9cembre 1986) telle qu\u2019elle a \u00e9t\u00e9 modifi\u00e9e et compl\u00e9t\u00e9e par la loi num\u00e9ro 22.03 promulgu\u00e9e par le dahir num\u00e9ro\u00a01.03.206 du 16 [&hellip;]","og_url":"https:\/\/oksa.co\/?page_id=564","og_site_name":"Oksa","article_modified_time":"2024-08-24T10:15:10+00:00","og_image":[{"width":400,"height":155,"url":"https:\/\/oksa.co\/wp-content\/uploads\/2024\/07\/logo-marron.webp","type":"image\/webp"}],"twitter_card":"summary_large_image","twitter_misc":{"Dur\u00e9e de lecture estim\u00e9e":"2 minutes"},"schema":{"@context":"https:\/\/schema.org","@graph":[{"@type":"WebPage","@id":"https:\/\/oksa.co\/?page_id=564","url":"https:\/\/oksa.co\/?page_id=564","name":"Contr\u00f4le r\u00e9glementaire - Oksa","isPartOf":{"@id":"https:\/\/oksa.co\/#website"},"datePublished":"2024-08-24T10:04:40+00:00","dateModified":"2024-08-24T10:15:10+00:00","breadcrumb":{"@id":"https:\/\/oksa.co\/?page_id=564#breadcrumb"},"inLanguage":"fr-FR","potentialAction":[{"@type":"ReadAction","target":["https:\/\/oksa.co\/?page_id=564"]}]},{"@type":"BreadcrumbList","@id":"https:\/\/oksa.co\/?page_id=564#breadcrumb","itemListElement":[{"@type":"ListItem","position":1,"name":"Accueil","item":"https:\/\/oksa.co\/"},{"@type":"ListItem","position":2,"name":"\u00c9nergie","item":"https:\/\/oksa.co\/?page_id=405"},{"@type":"ListItem","position":3,"name":"Contr\u00f4le r\u00e9glementaire"}]},{"@type":"WebSite","@id":"https:\/\/oksa.co\/#website","url":"https:\/\/oksa.co\/","name":"Oksa Group","description":"","publisher":{"@id":"https:\/\/oksa.co\/#organization"},"potentialAction":[{"@type":"SearchAction","target":{"@type":"EntryPoint","urlTemplate":"https:\/\/oksa.co\/?s={search_term_string}"},"query-input":{"@type":"PropertyValueSpecification","valueRequired":true,"valueName":"search_term_string"}}],"inLanguage":"fr-FR"},{"@type":"Organization","@id":"https:\/\/oksa.co\/#organization","name":"Oksa Group","url":"https:\/\/oksa.co\/","logo":{"@type":"ImageObject","inLanguage":"fr-FR","@id":"https:\/\/oksa.co\/#\/schema\/logo\/image\/","url":"https:\/\/oksa.co\/wp-content\/uploads\/2024\/07\/logo-marron.webp","contentUrl":"https:\/\/oksa.co\/wp-content\/uploads\/2024\/07\/logo-marron.webp","width":400,"height":155,"caption":"Oksa Group"},"image":{"@id":"https:\/\/oksa.co\/#\/schema\/logo\/image\/"}}]}},"_links":{"self":[{"href":"https:\/\/oksa.co\/index.php?rest_route=\/wp\/v2\/pages\/564","targetHints":{"allow":["GET"]}}],"collection":[{"href":"https:\/\/oksa.co\/index.php?rest_route=\/wp\/v2\/pages"}],"about":[{"href":"https:\/\/oksa.co\/index.php?rest_route=\/wp\/v2\/types\/page"}],"author":[{"embeddable":true,"href":"https:\/\/oksa.co\/index.php?rest_route=\/wp\/v2\/users\/1"}],"replies":[{"embeddable":true,"href":"https:\/\/oksa.co\/index.php?rest_route=%2Fwp%2Fv2%2Fcomments&post=564"}],"version-history":[{"count":19,"href":"https:\/\/oksa.co\/index.php?rest_route=\/wp\/v2\/pages\/564\/revisions"}],"predecessor-version":[{"id":593,"href":"https:\/\/oksa.co\/index.php?rest_route=\/wp\/v2\/pages\/564\/revisions\/593"}],"up":[{"embeddable":true,"href":"https:\/\/oksa.co\/index.php?rest_route=\/wp\/v2\/pages\/405"}],"wp:attachment":[{"href":"https:\/\/oksa.co\/index.php?rest_route=%2Fwp%2Fv2%2Fmedia&parent=564"}],"curies":[{"name":"wp","href":"https:\/\/api.w.org\/{rel}","templated":true}]}}