{"id":626,"date":"2024-08-24T10:42:13","date_gmt":"2024-08-24T10:42:13","guid":{"rendered":"https:\/\/oksa.cogitoweb.net\/?page_id=626"},"modified":"2024-08-24T10:47:29","modified_gmt":"2024-08-24T10:47:29","slug":"deploiement-outils-it","status":"publish","type":"page","link":"https:\/\/oksa.co\/?page_id=626","title":{"rendered":"D\u00e9ploiement outils IT"},"content":{"rendered":"\t\t<div data-elementor-type=\"wp-page\" data-elementor-id=\"626\" class=\"elementor elementor-626\" data-elementor-post-type=\"page\">\n\t\t\t\t<div class=\"elementor-element elementor-element-9eeda34 e-con-full e-flex e-con e-parent\" data-id=\"9eeda34\" data-element_type=\"container\">\n\t\t\t\t<div class=\"elementor-element elementor-element-f5fcb87 elementor-widget elementor-widget-template\" data-id=\"f5fcb87\" data-element_type=\"widget\" data-widget_type=\"template.default\">\n\t\t\t\t<div class=\"elementor-widget-container\">\n\t\t\t\t\t<div class=\"elementor-template\">\n\t\t\t\t\t<div data-elementor-type=\"page\" data-elementor-id=\"533\" class=\"elementor elementor-533\" data-elementor-post-type=\"elementor_library\">\n\t\t\t\t<div class=\"elementor-element elementor-element-5113573f e-flex e-con-boxed e-con e-parent\" data-id=\"5113573f\" data-element_type=\"container\" data-settings=\"{&quot;background_background&quot;:&quot;classic&quot;,&quot;shape_divider_bottom&quot;:&quot;curve&quot;,&quot;shape_divider_bottom_negative&quot;:&quot;yes&quot;}\">\n\t\t\t\t\t<div class=\"e-con-inner\">\n\t\t\t\t<div class=\"elementor-shape elementor-shape-bottom\" data-negative=\"true\">\n\t\t\t<svg xmlns=\"http:\/\/www.w3.org\/2000\/svg\" viewBox=\"0 0 1000 100\" preserveAspectRatio=\"none\">\n\t<path class=\"elementor-shape-fill\" d=\"M500,97C126.7,96.3,0.8,19.8,0,0v100l1000,0V1C1000,19.4,873.3,97.8,500,97z\"\/>\n<\/svg>\t\t<\/div>\n\t\t\t\t\t<\/div>\n\t\t\t\t<\/div>\n\t\t<div class=\"elementor-element elementor-element-20b81b80 e-flex e-con-boxed e-con e-parent\" data-id=\"20b81b80\" data-element_type=\"container\">\n\t\t\t\t\t<div class=\"e-con-inner\">\n\t\t\t\t<div class=\"elementor-element elementor-element-622aa014 elementor-widget elementor-widget-breadcrumbs\" data-id=\"622aa014\" data-element_type=\"widget\" data-widget_type=\"breadcrumbs.default\">\n\t\t\t\t<div class=\"elementor-widget-container\">\n\t\t\t<span id=\"breadcrumbs\"><span><span><a href=\"https:\/\/oksa.co\/\">Accueil<\/a><\/span><\/span><\/span>\t\t<\/div>\n\t\t\t\t<\/div>\n\t\t\t\t\t<\/div>\n\t\t\t\t<\/div>\n\t\t<div class=\"elementor-element elementor-element-53ffc72b e-flex e-con-boxed e-con e-parent\" data-id=\"53ffc72b\" data-element_type=\"container\">\n\t\t\t\t\t<div class=\"e-con-inner\">\n\t\t\t\t<div class=\"elementor-element elementor-element-31e561aa custom-h2 elementor-widget elementor-widget-heading\" data-id=\"31e561aa\" data-element_type=\"widget\" data-widget_type=\"heading.default\">\n\t\t\t\t<div class=\"elementor-widget-container\">\n\t\t\t<h1 class=\"elementor-heading-title elementor-size-default\">D\u00e9ploiement outils IT<\/h1>\t\t<\/div>\n\t\t\t\t<\/div>\n\t\t\t\t\t<\/div>\n\t\t\t\t<\/div>\n\t\t\t\t<\/div>\n\t\t\t\t<\/div>\n\t\t\t\t<\/div>\n\t\t\t\t<\/div>\n\t\t\t\t<\/div>\n\t\t<div class=\"elementor-element elementor-element-644ff65 e-flex e-con-boxed e-con e-parent\" data-id=\"644ff65\" data-element_type=\"container\">\n\t\t\t\t\t<div class=\"e-con-inner\">\n\t\t\t\t<div class=\"elementor-element elementor-element-4d3f63a energie elementor-widget elementor-widget-text-editor\" data-id=\"4d3f63a\" data-element_type=\"widget\" data-widget_type=\"text-editor.default\">\n\t\t\t\t<div class=\"elementor-widget-container\">\n\t\t\t\t\t\t\t<p>Les employ\u00e9s des entreprises de distribution d\u2019\u00e9nergie assurent l\u2019entretien au jour le jour, la r\u00e9paration des biens existants et l\u2019installation de nouveaux \u00e9quipements. Ces personnes mobiles qui g\u00e8rent des biens dispers\u00e9s sur de vastes zones sont g\u00e9n\u00e9ralement d\u00e9sign\u00e9es sous le nom d\u2019\u00ab effectifs de terrain \u00bb. Le syst\u00e8me informatique, qui permet aux entreprises de distribution d\u2019\u00e9nergie de planifier et de r\u00e9partir les ordres de travail entre ces techniciens, s\u2019appelle le syst\u00e8me de gestion des effectifs mobiles (Mobile Workforce Management Systems ou MWMS).<\/p><p>Notre MWMS optimise et automatise les processus et les informations n\u00e9cessaires aux entreprises qui envoient des techniciens sur le terrain. En outre, il aide les entreprises de distribution d\u2019\u00e9nergie dans les t\u00e2ches suivantes :<\/p><ul><li>\u00a0L\u2019itin\u00e9raire, le suivi de la r\u00e9partition et le rapport sur la situation du personnel de terrain des entreprises de distribution d\u2019\u00e9nergie,<\/li><li>\u00a0La gestion des installations, l\u2019entretien ou la r\u00e9paration d\u2019\u00e9quipements et le relev\u00e9 de compteurs,<\/li><li>\u00a0L\u2019ex\u00e9cution de la maintenance planifi\u00e9e, de la maintenance non planifi\u00e9e et la r\u00e9paration des interruptions de service.<\/li><\/ul><h2>GESTION DES ACTIFS D\u2019ENTREPRISE (ENTREPRISE ASSET MANAGEMENT ou EAM)<\/h2><p>Les entreprises de distribution d\u2019\u00e9nergie fournissent de l\u2019\u00e9lectricit\u00e9 \u00e0 leurs consommateurs \u00e0 travers un grand nombre d\u2019actifs du r\u00e9seau g\u00e9ographiquement dispers\u00e9s. Avec des actifs tr\u00e8s dispers\u00e9s, le principal d\u00e9fi pour le secteur de l\u2019\u00e9nergie est de localiser, de suivre et de maintenir les actifs de leur r\u00e9seau en temps voulu afin d\u2019assurer un approvisionnement \u00e9nerg\u00e9tique de qualit\u00e9 et fiable. Notre solution de gestion des actifs d\u2019entreprise permet aux entreprises de distribution d\u2019\u00e9nergie de d\u00e9finir et de suivre l\u2019ensemble de leurs actifs, qu\u2019ils soient stationnaires, mobiles ou dispers\u00e9s, ainsi que d\u2019\u00e9tablir des programmes d\u2019entretien pr\u00e9ventif, pr\u00e9dictif et selon les besoins pour prolonger la vie des actifs et am\u00e9liorer la fiabilit\u00e9.<\/p><p>L\u2019EAM g\u00e8re tous les aspects du portefeuille d\u2019actifs, y compris le suivi de son historique, la cr\u00e9ation de listes<br \/>de mat\u00e9riel d\u00e9taill\u00e9es, la gestion de l\u2019organisation et de la planification des ordres de travail, ainsi que le<br \/>d\u00e9ploiement des effectifs.<\/p><h2>SOLUTIONS DE GESTION DE LA DISTRIBUTION (DISTRIBUTION MANAGEMENT SOLUTION ou DMS)<\/h2><p>Les syst\u00e8mes d\u2019information g\u00e9ographique sont capables de capturer les informations g\u00e9ographiques et non g\u00e9ographiques des actifs du r\u00e9seau, r\u00e9solvant ainsi les probl\u00e8mes li\u00e9s \u00e0 la s\u00e9lection des meilleurs endroits pour la pose de nouvelles conduites ou de nouvelles lignes, optimisant les trajets de l\u2019\u00e9quipe sur le terrain pour des op\u00e9rations efficaces et permettant la visualisation de nombreuses donn\u00e9es relatives \u00e0 la localisation des actifs dont il est question sur le terrain. Ces solutions suivent l\u2019\u00e9volution du r\u00e9seau et mettent \u00e0 jour les informations des transformateurs et des appareils de commutation.<\/p><div class=\"clear partner\">\u00a0<\/div><h2>LE COMPTAGE INTELLIGENT<\/h2><p>Le syst\u00e8me de gestion des donn\u00e9es compteur (Meter Data Management System ou MDMS) est le syst\u00e8me central des programmes de comptage intelligent performants. Le MDMS prend en charge les tous les aspects du d\u00e9ploiement des compteurs intelligents y compris le soutien du lancement, la validation, l\u2019analyse, les rapports sur le solde disponible, le r\u00e8glement, et la pr\u00e9paration des donn\u00e9es pour facturation. Il s\u00e9pare la gestion des donn\u00e9es des compteurs des autres activit\u00e9s des entreprises de distribution d\u2019\u00e9nergie essentielles \u00e0 la mission. Comme les entreprises de distribution de l\u2019\u00e9nergie optent de plus en plus pour la facturation en temps r\u00e9el, le MDMS permet \u00e0 toutes les applications de recevoir les informations de mesure dont ils ont besoin, dans le format qui convient \u00e0 leurs besoins sp\u00e9cifiques.<\/p><p>De nombreuses entreprises de distribution de l\u2019\u00e9nergie peinent aujourd\u2019hui \u00e0 concilier leurs structures organisationnelles traditionnelles avec les perspectives et les possibilit\u00e9s li\u00e9es au comptage intelligent. D\u2019une part, la division de comptage de l\u2019organisation est apte \u00e0 mesurer la consommation, mais s\u2019appuie sur un processus manuel de relev\u00e9s r\u00e9alis\u00e9s un par un. D\u2019autre part, leur service informatique connait la gestion des compteurs et des donn\u00e9es, mais n\u2019a pas besoin de traiter les communications relatives \u00e0 des millions d\u2019appareils grand public.<\/p><p>Notre expertise et notre savoir-faire technologique dans les r\u00e9seaux de communication et les syst\u00e8mes informatiques, ainsi que notre exp\u00e9rience avec les entreprises de distribution de l\u2019\u00e9nergie et les fabricants de compteurs, nous permettent d\u2019accompagner au maximum les \u00e9quipes internes pour qu\u2019elles se lancent efficacement dans la r\u00e9alit\u00e9 du nouveau comptage intelligent.<\/p>\t\t\t\t\t\t<\/div>\n\t\t\t\t<\/div>\n\t\t\t\t\t<\/div>\n\t\t\t\t<\/div>\n\t\t<div class=\"elementor-element elementor-element-ec9be09 e-flex e-con-boxed e-con e-parent\" data-id=\"ec9be09\" data-element_type=\"container\">\n\t\t\t\t\t<div class=\"e-con-inner\">\n\t\t\t\t<div class=\"elementor-element elementor-element-f66296d elementor-pagination-type-bullets elementor-pagination-position-outside elementor-widget elementor-widget-n-carousel\" data-id=\"f66296d\" data-element_type=\"widget\" data-settings=\"{&quot;carousel_items&quot;:[{&quot;slide_title&quot;:&quot;Diapositive N\\u00b01&quot;,&quot;_id&quot;:&quot;bbc21c3&quot;},{&quot;slide_title&quot;:&quot;Diapositive N\\u00b02&quot;,&quot;_id&quot;:&quot;8f67a38&quot;}],&quot;slides_to_show&quot;:&quot;2&quot;,&quot;slides_to_scroll&quot;:&quot;2&quot;,&quot;slides_to_show_tablet&quot;:&quot;2&quot;,&quot;slides_to_show_mobile&quot;:&quot;1&quot;,&quot;autoplay&quot;:&quot;yes&quot;,&quot;autoplay_speed&quot;:5000,&quot;pause_on_hover&quot;:&quot;yes&quot;,&quot;pause_on_interaction&quot;:&quot;yes&quot;,&quot;infinite&quot;:&quot;yes&quot;,&quot;speed&quot;:500,&quot;offset_sides&quot;:&quot;none&quot;,&quot;pagination&quot;:&quot;bullets&quot;,&quot;image_spacing_custom&quot;:{&quot;unit&quot;:&quot;px&quot;,&quot;size&quot;:10,&quot;sizes&quot;:[]},&quot;image_spacing_custom_tablet&quot;:{&quot;unit&quot;:&quot;px&quot;,&quot;size&quot;:&quot;&quot;,&quot;sizes&quot;:[]},&quot;image_spacing_custom_mobile&quot;:{&quot;unit&quot;:&quot;px&quot;,&quot;size&quot;:&quot;&quot;,&quot;sizes&quot;:[]}}\" data-widget_type=\"nested-carousel.default\">\n\t\t\t\t<div class=\"elementor-widget-container\">\n\t\t\t\t\t<div class=\"e-n-carousel swiper\" dir=\"ltr\">\n\t\t\t<div class=\"swiper-wrapper\" aria-live=\"off\">\n\t\t\t\t\t\t\t\t\t\t<div class=\"swiper-slide\" data-slide=\"1\" role=\"group\" aria-roledescription=\"slide\" aria-label=\"1 de 2\">\n\t\t\t\t\t\t\t<div class=\"elementor-element elementor-element-ab80bd6 e-flex e-con-boxed e-con e-child\" data-id=\"ab80bd6\" data-element_type=\"container\">\n\t\t\t\t\t<div class=\"e-con-inner\">\n\t\t\t\t<div class=\"elementor-element elementor-element-41a2ee3 elementor-widget elementor-widget-text-editor\" data-id=\"41a2ee3\" data-element_type=\"widget\" data-widget_type=\"text-editor.default\">\n\t\t\t\t<div class=\"elementor-widget-container\">\n\t\t\t\t\t\t\t<h3>Pourquoi l\u2019analyse des lubrifiants<\/h3><ul><li>\u00a0R\u00e9duction des co\u00fbts d\u2019entretien,<\/li><li>\u00a0R\u00e9duction des arr\u00eats non planifi\u00e9s,<\/li><li>R\u00e9duction de la maintenance non planifi\u00e9e,<\/li><li>R\u00e9duction de la consommation d\u2019\u00e9nergie de la machinerie,<\/li><li>R\u00e9duction des co\u00fbts d\u2019\u00e9limination des huiles us\u00e9es,<\/li><li>Planification efficace de la maintenance,<\/li><li>Am\u00e9lioration de la fiabilit\u00e9 des \u00e9quipements,<\/li><li>Maximisation des intervalles entre changements d\u2019huile,<\/li><li>Augmentation de la disponibilit\u00e9 des \u00e9quipements.<\/li><\/ul>\t\t\t\t\t\t<\/div>\n\t\t\t\t<\/div>\n\t\t\t\t\t<\/div>\n\t\t\t\t<\/div>\n\t\t\t\t\t\t\t\t<\/div>\n\t\t\t\t\t\t\t\t\t\t\t<div class=\"swiper-slide\" data-slide=\"2\" role=\"group\" aria-roledescription=\"slide\" aria-label=\"2 de 2\">\n\t\t\t\t\t\t\t<div class=\"elementor-element elementor-element-de0e006 e-flex e-con-boxed e-con e-child\" data-id=\"de0e006\" data-element_type=\"container\">\n\t\t\t\t\t<div class=\"e-con-inner\">\n\t\t\t\t<div class=\"elementor-element elementor-element-d192c09 elementor-widget elementor-widget-text-editor\" data-id=\"d192c09\" data-element_type=\"widget\" data-widget_type=\"text-editor.default\">\n\t\t\t\t<div class=\"elementor-widget-container\">\n\t\t\t\t\t\t\t<h3>Un service d\u2019analyse delubrifiants par syst\u00e8me expert pour:<\/h3><ul><li>R\u00e9duction des co\u00fbts d\u2019entretien,<\/li><li>\u00a0R\u00e9duction des arr\u00eats non planifi\u00e9s,<\/li><li>R\u00e9duction de la maintenance non planifi\u00e9e,<\/li><li>R\u00e9duction de la consommation d\u2019\u00e9nergie de la machinerie,<\/li><li>R\u00e9duction des co\u00fbts d\u2019\u00e9limination des huiles us\u00e9es,<\/li><li>Planification efficace de la maintenance,<\/li><li>Am\u00e9lioration de la fiabilit\u00e9 des \u00e9quipements,<\/li><li>Maximisation des intervalles entre changements d\u2019huile,<\/li><li>Augmentation de la disponibilit\u00e9 des \u00e9quipements.<\/li><\/ul>\t\t\t\t\t\t<\/div>\n\t\t\t\t<\/div>\n\t\t\t\t\t<\/div>\n\t\t\t\t<\/div>\n\t\t\t\t\t\t\t\t<\/div>\n\t\t\t\t\t\t\t\t<\/div>\n\t\t<\/div>\n\t\t\t\t\t<div class=\"swiper-pagination\"><\/div>\n\t\t\t\t<\/div>\n\t\t\t\t<\/div>\n\t\t\t\t\t<\/div>\n\t\t\t\t<\/div>\n\t\t\t\t<\/div>\n\t\t","protected":false},"excerpt":{"rendered":"<p>Les employ\u00e9s des entreprises de distribution d\u2019\u00e9nergie assurent l\u2019entretien au jour le jour, la r\u00e9paration des biens existants et l\u2019installation de nouveaux \u00e9quipements. Ces personnes mobiles qui g\u00e8rent des biens dispers\u00e9s sur de vastes zones sont g\u00e9n\u00e9ralement d\u00e9sign\u00e9es sous le nom d\u2019\u00ab effectifs de terrain \u00bb. Le syst\u00e8me informatique, qui permet aux entreprises de distribution [&hellip;]<\/p>\n","protected":false},"author":1,"featured_media":0,"parent":405,"menu_order":0,"comment_status":"closed","ping_status":"closed","template":"elementor_header_footer","meta":{"footnotes":""},"class_list":["post-626","page","type-page","status-publish","hentry"],"yoast_head":"<!-- This site is optimized with the Yoast SEO plugin v23.6 - https:\/\/yoast.com\/wordpress\/plugins\/seo\/ -->\n<title>D\u00e9ploiement outils IT - Oksa<\/title>\n<meta name=\"robots\" content=\"index, follow, max-snippet:-1, max-image-preview:large, max-video-preview:-1\" \/>\n<link rel=\"canonical\" href=\"https:\/\/oksa.co\/?page_id=626\" \/>\n<meta property=\"og:locale\" content=\"fr_FR\" \/>\n<meta property=\"og:type\" content=\"article\" \/>\n<meta property=\"og:title\" content=\"D\u00e9ploiement outils IT - Oksa\" \/>\n<meta property=\"og:description\" content=\"Les employ\u00e9s des entreprises de distribution d\u2019\u00e9nergie assurent l\u2019entretien au jour le jour, la r\u00e9paration des biens existants et l\u2019installation de nouveaux \u00e9quipements. Ces personnes mobiles qui g\u00e8rent des biens dispers\u00e9s sur de vastes zones sont g\u00e9n\u00e9ralement d\u00e9sign\u00e9es sous le nom d\u2019\u00ab effectifs de terrain \u00bb. Le syst\u00e8me informatique, qui permet aux entreprises de distribution [&hellip;]\" \/>\n<meta property=\"og:url\" content=\"https:\/\/oksa.co\/?page_id=626\" \/>\n<meta property=\"og:site_name\" content=\"Oksa\" \/>\n<meta property=\"article:modified_time\" content=\"2024-08-24T10:47:29+00:00\" \/>\n<meta property=\"og:image\" content=\"https:\/\/oksa.co\/wp-content\/uploads\/2024\/07\/logo-marron.webp\" \/>\n\t<meta property=\"og:image:width\" content=\"400\" \/>\n\t<meta property=\"og:image:height\" content=\"155\" \/>\n\t<meta property=\"og:image:type\" content=\"image\/webp\" \/>\n<meta name=\"twitter:card\" content=\"summary_large_image\" \/>\n<meta name=\"twitter:label1\" content=\"Dur\u00e9e de lecture estim\u00e9e\" \/>\n\t<meta name=\"twitter:data1\" content=\"5 minutes\" \/>\n<script type=\"application\/ld+json\" class=\"yoast-schema-graph\">{\"@context\":\"https:\/\/schema.org\",\"@graph\":[{\"@type\":\"WebPage\",\"@id\":\"https:\/\/oksa.co\/?page_id=626\",\"url\":\"https:\/\/oksa.co\/?page_id=626\",\"name\":\"D\u00e9ploiement outils IT - Oksa\",\"isPartOf\":{\"@id\":\"https:\/\/oksa.co\/#website\"},\"datePublished\":\"2024-08-24T10:42:13+00:00\",\"dateModified\":\"2024-08-24T10:47:29+00:00\",\"breadcrumb\":{\"@id\":\"https:\/\/oksa.co\/?page_id=626#breadcrumb\"},\"inLanguage\":\"fr-FR\",\"potentialAction\":[{\"@type\":\"ReadAction\",\"target\":[\"https:\/\/oksa.co\/?page_id=626\"]}]},{\"@type\":\"BreadcrumbList\",\"@id\":\"https:\/\/oksa.co\/?page_id=626#breadcrumb\",\"itemListElement\":[{\"@type\":\"ListItem\",\"position\":1,\"name\":\"Accueil\",\"item\":\"https:\/\/oksa.co\/\"},{\"@type\":\"ListItem\",\"position\":2,\"name\":\"\u00c9nergie\",\"item\":\"https:\/\/oksa.co\/?page_id=405\"},{\"@type\":\"ListItem\",\"position\":3,\"name\":\"D\u00e9ploiement outils IT\"}]},{\"@type\":\"WebSite\",\"@id\":\"https:\/\/oksa.co\/#website\",\"url\":\"https:\/\/oksa.co\/\",\"name\":\"Oksa Group\",\"description\":\"\",\"publisher\":{\"@id\":\"https:\/\/oksa.co\/#organization\"},\"potentialAction\":[{\"@type\":\"SearchAction\",\"target\":{\"@type\":\"EntryPoint\",\"urlTemplate\":\"https:\/\/oksa.co\/?s={search_term_string}\"},\"query-input\":{\"@type\":\"PropertyValueSpecification\",\"valueRequired\":true,\"valueName\":\"search_term_string\"}}],\"inLanguage\":\"fr-FR\"},{\"@type\":\"Organization\",\"@id\":\"https:\/\/oksa.co\/#organization\",\"name\":\"Oksa Group\",\"url\":\"https:\/\/oksa.co\/\",\"logo\":{\"@type\":\"ImageObject\",\"inLanguage\":\"fr-FR\",\"@id\":\"https:\/\/oksa.co\/#\/schema\/logo\/image\/\",\"url\":\"https:\/\/oksa.co\/wp-content\/uploads\/2024\/07\/logo-marron.webp\",\"contentUrl\":\"https:\/\/oksa.co\/wp-content\/uploads\/2024\/07\/logo-marron.webp\",\"width\":400,\"height\":155,\"caption\":\"Oksa Group\"},\"image\":{\"@id\":\"https:\/\/oksa.co\/#\/schema\/logo\/image\/\"}}]}<\/script>\n<!-- \/ Yoast SEO plugin. -->","yoast_head_json":{"title":"D\u00e9ploiement outils IT - Oksa","robots":{"index":"index","follow":"follow","max-snippet":"max-snippet:-1","max-image-preview":"max-image-preview:large","max-video-preview":"max-video-preview:-1"},"canonical":"https:\/\/oksa.co\/?page_id=626","og_locale":"fr_FR","og_type":"article","og_title":"D\u00e9ploiement outils IT - Oksa","og_description":"Les employ\u00e9s des entreprises de distribution d\u2019\u00e9nergie assurent l\u2019entretien au jour le jour, la r\u00e9paration des biens existants et l\u2019installation de nouveaux \u00e9quipements. Ces personnes mobiles qui g\u00e8rent des biens dispers\u00e9s sur de vastes zones sont g\u00e9n\u00e9ralement d\u00e9sign\u00e9es sous le nom d\u2019\u00ab effectifs de terrain \u00bb. Le syst\u00e8me informatique, qui permet aux entreprises de distribution [&hellip;]","og_url":"https:\/\/oksa.co\/?page_id=626","og_site_name":"Oksa","article_modified_time":"2024-08-24T10:47:29+00:00","og_image":[{"width":400,"height":155,"url":"https:\/\/oksa.co\/wp-content\/uploads\/2024\/07\/logo-marron.webp","type":"image\/webp"}],"twitter_card":"summary_large_image","twitter_misc":{"Dur\u00e9e de lecture estim\u00e9e":"5 minutes"},"schema":{"@context":"https:\/\/schema.org","@graph":[{"@type":"WebPage","@id":"https:\/\/oksa.co\/?page_id=626","url":"https:\/\/oksa.co\/?page_id=626","name":"D\u00e9ploiement outils IT - Oksa","isPartOf":{"@id":"https:\/\/oksa.co\/#website"},"datePublished":"2024-08-24T10:42:13+00:00","dateModified":"2024-08-24T10:47:29+00:00","breadcrumb":{"@id":"https:\/\/oksa.co\/?page_id=626#breadcrumb"},"inLanguage":"fr-FR","potentialAction":[{"@type":"ReadAction","target":["https:\/\/oksa.co\/?page_id=626"]}]},{"@type":"BreadcrumbList","@id":"https:\/\/oksa.co\/?page_id=626#breadcrumb","itemListElement":[{"@type":"ListItem","position":1,"name":"Accueil","item":"https:\/\/oksa.co\/"},{"@type":"ListItem","position":2,"name":"\u00c9nergie","item":"https:\/\/oksa.co\/?page_id=405"},{"@type":"ListItem","position":3,"name":"D\u00e9ploiement outils IT"}]},{"@type":"WebSite","@id":"https:\/\/oksa.co\/#website","url":"https:\/\/oksa.co\/","name":"Oksa Group","description":"","publisher":{"@id":"https:\/\/oksa.co\/#organization"},"potentialAction":[{"@type":"SearchAction","target":{"@type":"EntryPoint","urlTemplate":"https:\/\/oksa.co\/?s={search_term_string}"},"query-input":{"@type":"PropertyValueSpecification","valueRequired":true,"valueName":"search_term_string"}}],"inLanguage":"fr-FR"},{"@type":"Organization","@id":"https:\/\/oksa.co\/#organization","name":"Oksa Group","url":"https:\/\/oksa.co\/","logo":{"@type":"ImageObject","inLanguage":"fr-FR","@id":"https:\/\/oksa.co\/#\/schema\/logo\/image\/","url":"https:\/\/oksa.co\/wp-content\/uploads\/2024\/07\/logo-marron.webp","contentUrl":"https:\/\/oksa.co\/wp-content\/uploads\/2024\/07\/logo-marron.webp","width":400,"height":155,"caption":"Oksa Group"},"image":{"@id":"https:\/\/oksa.co\/#\/schema\/logo\/image\/"}}]}},"_links":{"self":[{"href":"https:\/\/oksa.co\/index.php?rest_route=\/wp\/v2\/pages\/626","targetHints":{"allow":["GET"]}}],"collection":[{"href":"https:\/\/oksa.co\/index.php?rest_route=\/wp\/v2\/pages"}],"about":[{"href":"https:\/\/oksa.co\/index.php?rest_route=\/wp\/v2\/types\/page"}],"author":[{"embeddable":true,"href":"https:\/\/oksa.co\/index.php?rest_route=\/wp\/v2\/users\/1"}],"replies":[{"embeddable":true,"href":"https:\/\/oksa.co\/index.php?rest_route=%2Fwp%2Fv2%2Fcomments&post=626"}],"version-history":[{"count":10,"href":"https:\/\/oksa.co\/index.php?rest_route=\/wp\/v2\/pages\/626\/revisions"}],"predecessor-version":[{"id":645,"href":"https:\/\/oksa.co\/index.php?rest_route=\/wp\/v2\/pages\/626\/revisions\/645"}],"up":[{"embeddable":true,"href":"https:\/\/oksa.co\/index.php?rest_route=\/wp\/v2\/pages\/405"}],"wp:attachment":[{"href":"https:\/\/oksa.co\/index.php?rest_route=%2Fwp%2Fv2%2Fmedia&parent=626"}],"curies":[{"name":"wp","href":"https:\/\/api.w.org\/{rel}","templated":true}]}}